{"id":4450,"date":"2017-07-12T11:22:55","date_gmt":"2017-07-12T11:22:55","guid":{"rendered":"http:\/\/schachclub-emmendingen.badischer-schachverband.de\/?page_id=4450"},"modified":"2017-07-12T11:24:39","modified_gmt":"2017-07-12T11:24:39","slug":"saison-2016","status":"publish","type":"page","link":"https:\/\/schachclub-emmendingen.badischer-schachverband.de\/index.php\/senioren\/mannschaft\/saison-2016\/","title":{"rendered":"Saison 2016"},"content":{"rendered":"<p>Die Seniorenmannschaft des SCE nimmt an der Bezirksmeisterschaft teil. Zusammen mit dem SK Endingen bildet der SC Emmendingen eine Spielgemeinschaft, die unter der Bezeichnung SG Emmendingen\/Endingen firmiert. Im Bezirk Freiburg nehmen in der Saison 2015\/16 au\u00dferdem noch der SK FR Z\u00e4hringen und der SC Ebringen teil.<\/p>\n<p>In der ersten Runde war die SG Emmendingen\/Endingen spielfrei. In Runde 2 traf sie im Heimspiel auf die Mannschaft aus Z\u00e4hringen. Die Begegnung endete 2-2. Tabellenstand:<\/p>\n<table class=\" alignleft\" style=\"height: 120px; width: 600px;\" width=\"474\">\n<tbody>\n<tr>\n<td style=\"width: 30px;\">Rang<\/td>\n<td style=\"width: 240px;\">Mannschaft<\/td>\n<td style=\"width: 40px;\">Spiele<\/td>\n<td style=\"width: 30px;\">+<\/td>\n<td style=\"width: 30px;\">&#8211;<\/td>\n<td style=\"width: 40px;\">BP<\/td>\n<td style=\"width: 40px;\">BW<\/td>\n<\/tr>\n<tr>\n<td>1<\/td>\n<td>SC Ebringen<\/td>\n<td>1<\/td>\n<td>2<\/td>\n<td>0<\/td>\n<td>2\u00bd<\/td>\n<td>5<\/td>\n<\/tr>\n<tr>\n<td>2<\/td>\n<td>SK FR Z\u00e4hringen 1887<\/td>\n<td>2<\/td>\n<td>1<\/td>\n<td>3<\/td>\n<td>3\u00bd<\/td>\n<td>9<\/td>\n<\/tr>\n<tr class=\"yellow\">\n<td>3<\/td>\n<td>SG Emmendingen\/Endingen<\/td>\n<td>1<\/td>\n<td>1<\/td>\n<td>1<\/td>\n<td>2<\/td>\n<td>6<\/td>\n<\/tr>\n<\/tbody>\n<\/table>\n<p>&nbsp;<\/p>\n<p>&nbsp;<\/p>\n<p>&nbsp;<\/p>\n<p>&nbsp;<\/p>\n\n\n<p class=\"rpbchessboard-spacerBefore\"><\/p>\n\n<div class=\"rpbchessboard-chessgame\">\n    <noscript>\n        <div class=\"rpbchessboard-javascriptWarning\">\n            Sie m\u00fcssen JavaScript aktivieren, um die Notation zu verbessern.        <\/div>\n    <\/noscript>\n    <div id=\"rpbchessboard-69e49366d7552-1\"><\/div>\n    <script type=\"text\/javascript\">\n        (function() {\n            function renderThisPGN() {\n                RPBChessboard.renderPGN(\"rpbchessboard-69e49366d7552-1\", {\"pgn\":\"[Event \\\"SeniorenMM Bezirk\\\"]\\r\\n[Site \\\"?\\\"]\\r\\n[Date \\\"2016.01.12\\\"]\\r\\n[Round \\\"2.3\\\"]\\r\\n[White \\\"Kiefer, Gerhard\\\"]\\r\\n[Black \\\"Hund, Gerhard\\\"]\\r\\n[Result \\\"1-0\\\"]\\r\\n[ECO \\\"B56\\\"]\\r\\n[WhiteElo \\\"2230\\\"]\\r\\n[BlackElo \\\"2001\\\"]\\r\\n[PlyCount \\\"63\\\"]\\r\\n[EventType \\\"team\\\"]\\r\\n[WhiteTeam \\\"Endingen\\\/Emmendingen\\\"]\\r\\n[BlackTeam \\\"Z\\u00e4hringen\\\"]\\r\\n\\r\\n1. e4 c5 2. Nf3 d6 3. d4 cxd4 4. Nxd4 e5 5. Bb5+ Bd7 6. Bxd7+ Qxd7 7. Nf5 Nf6\\r\\n8. Nc3 g6 9. Ne3 Nc6 10. O-O h5 11. Ned5 Nxd5 12. Nxd5 Be7 13. Be3 f5 14. f3 f4\\r\\n15. Bf2 g5 16. Kh1 Kf7 17. c4 Rag8 18. Nxe7 Qxe7 19. Qd5+ Qe6 20. Qb5 Rb8 21.\\r\\nRad1 g4 22. Bg1 Rhg8 23. Rd2 h4 24. fxg4 Rxg4 25. c5 h3 26. gxh3 Rxg1+ 27. Rxg1\\r\\nNd4 28. Qa5 Qd7 29. cxd6 Qxd6 30. Rxd4 exd4 31. Qf5+ Ke7 32. Qh7+ 1-0\",\"pieceSymbols\":\"localized\",\"navigationBoard\":\"floatLeft\",\"withPlayButton\":true,\"withFlipButton\":true,\"withDownloadButton\":true,\"nboSquareSize\":32,\"nboCoordinateVisible\":true,\"nboTurnVisible\":true,\"nboColorset\":\"original\",\"nboPieceset\":\"cburnett\",\"nboAnimated\":true,\"nboMoveArrowVisible\":true,\"nboMoveArrowColor\":\"b\",\"idoSquareSize\":32,\"idoCoordinateVisible\":true,\"idoTurnVisible\":true,\"idoColorset\":\"original\",\"idoPieceset\":\"cburnett\"});\n            }\n            if (document.readyState === 'loading') {\n                document.addEventListener('DOMContentLoaded', renderThisPGN);\n            }\n            else {\n                renderThisPGN();\n            }\n        })();\n    <\/script>\n<\/div>\n\n<p class=\"rpbchessboard-spacerAfter\"><\/p>\n\n<hr \/>\n<p>Wenn die SG Emmendingen\/Endingen Bezirksmeister werden m\u00f6chte, muss sie im n\u00e4chsten Kampf gegen SC Ebringen gewinnen.<br \/>\nDieser Kampf ist vorerst auf den 19.03. datiert.<br \/>\nDie Ebringer konnten trotz unterschiedlicher Terminvorschl\u00e4ge keine Mannschaft stellen und gaben kampflos auf.<\/p>\n<p>Damit ist die SG Emmendingen\/Endingen <em><strong>Bezirksmeister der Senioren 2016<\/strong><\/em> und nimmt an den Ausscheidungsk\u00e4mpfen zur Badischen Mannschaftsmeisterschaft der Senioren (BSenMM) teil.<br \/>\nRegional in die 2 Gruppen aufgeteilt, spielt die SG Emmendingen\/Endingen in der Gruppe S\u00fcd. Der n\u00e4chste Gegner wird zwischen SC Bad S\u00e4ckingen\/SK Todtnau-Sch\u00f6nau\/Schachsenioren Dinkelberg bis 08.04. noch ausgespielt. Die Zwischenrunde ist auf den 08.05.2016 datiert.<\/p>\n<hr \/>\n<p>In der Zwischenrunde gewann SG Emmendingen\/Endingen gegen SK Todtnau-Sch\u00f6nau kampflos.<\/p>\n<p>Die 2. Runde fand am 12.06.2016 in Teningen statt. Als Gastmannschaft trat SF H\u00f6rden\/SGEM Kuppenheim an, die mit 3:1 in der Besetzung Herbrechtsmeier, Schrems, Kiefer und Schmidt erfolgreich geschlagen werden konnten.<\/p>\n<h1>Zwischen\/Endrunde Badische Seniorenmeisterschaft<\/h1>\n<h3>2. Runde\u00a0\u00a0\u00a0Spieltag: 12.06.2016<\/h3>\n<table>\n<colgroup>\n<col width=\"27%\" \/>\n<col width=\"27%\" \/>\n<col width=\"7%\" \/>\n<col width=\"7%\" \/><\/colgroup>\n<tbody>\n<tr>\n<td>SC Eppingen<\/td>\n<td>Karlsruher SF<\/td>\n<td align=\"center\">2\u00bd<\/td>\n<td align=\"center\">1\u00bd<\/td>\n<\/tr>\n<tr>\n<td>SG Hockenheim\/Br\u00fchl<\/td>\n<td>SK HD-Handschuhsheim<\/td>\n<td align=\"center\">1<\/td>\n<td align=\"center\">3<\/td>\n<\/tr>\n<tr class=\"yellow\">\n<td>SG Emmendingen\/Endingen<\/td>\n<td>SF H\u00f6rden\/SGEM Kuppenheim<\/td>\n<td align=\"center\">3<\/td>\n<td align=\"center\">1<\/td>\n<\/tr>\n<tr>\n<td>Villingen-Schwenningen<\/td>\n<td>SK Engen<\/td>\n<td align=\"center\">2<\/td>\n<td align=\"center\">2<\/td>\n<\/tr>\n<\/tbody>\n<\/table>\n<p>Mit diesem Sieg hat sich die Seniorenmannschaft f\u00fcr das Halbfinale qualifiziert, welches am 25.\/26.06.2016 in Bad Herrenalb stattfindet. Die weiteren Qualifikanten sind:<br \/>\nSK 1879 HD-Handschuhsheim<br \/>\nSC Eppingen und<br \/>\nSC Villingen-Schwenningen<\/p>\n<p>Als zweimaliger Titelgewinner ist der SK HD-Handschuhsheim favorisiert.<\/p>\n<p>Siehe auch den\u00a0Beitrag\u00a0<a href=\"http:\/\/schachclub-emmendingen.badischer-schachverband.de\/index.php\/2016\/06\/13\/senioren-im-halbfinale\/\">Senioren im Halbfinale<\/a><\/p>\n<hr \/>\n<p>Am Wochenende 25.\/26.06.2016 wurde traditionell in Bad Herrenalb die Endrunde der Badischen Senioren-Mannschaftsmeisterschaft ausgetragen. Der SC Emmendingen musste am Samstag gleich gegen den zweimaligen Titelgewinner SK HD-Handschuhsheim antreten und verlor 1:3. Am Sonntag wird um Platz 3 gegen SC Villingen-Schwenningen statt, der gegen SC Eppingen deutlich 0:4 verlor.<br \/>\nDieser Kampf endete 2:2 unentschieden. Beide Mannschaften verzichteten auf ein Stechen und teilten sich den dritten Platz.<br \/>\nDer SC Eppingen besiegte den Vorjahresmeister SK HD-Handschuhsheim mit 2\u00bd:1\u00bd und wurde <strong><em>Badischer Senioren-Mannschaftsmeister 2016<\/em><\/strong>.<\/p>\n<h1>Endrunde Badische Seniorenmeisterschaft<\/h1>\n<h3>3. Runde\u00a0\u00a0\u00a0Spieltag: 25.06.2016<\/h3>\n<table>\n<tbody>\n<tr>\n<th align=\"center\">BRETT<\/th>\n<th align=\"left\">SG Emmendingen\/Endingen<\/th>\n<th align=\"center\">2098<\/th>\n<th align=\"left\">SK HD-Handschuhsheim<\/th>\n<th align=\"center\">2136<\/th>\n<th align=\"center\">1<\/th>\n<th align=\"center\">3<\/th>\n<\/tr>\n<tr>\n<td align=\"center\">1<\/td>\n<td>Herbrechtsmeier,Christof<\/td>\n<td align=\"center\">2230<\/td>\n<td>Nippgen,Georg<\/td>\n<td align=\"center\">2268<\/td>\n<td align=\"center\">0<\/td>\n<td align=\"center\">1<\/td>\n<\/tr>\n<tr>\n<td align=\"center\">2<\/td>\n<td>Kiefer,Gerhard<\/td>\n<td align=\"center\">2158<\/td>\n<td>Kindsvogel,Robert<\/td>\n<td align=\"center\">2139<\/td>\n<td align=\"center\">\u00bd<\/td>\n<td align=\"center\">\u00bd<\/td>\n<\/tr>\n<tr>\n<td align=\"center\">3<\/td>\n<td>Schrems,Hermann<\/td>\n<td align=\"center\">2042<\/td>\n<td>Nonnenmacher,Eberhard,Dr.<\/td>\n<td align=\"center\">2105<\/td>\n<td align=\"center\">\u00bd<\/td>\n<td align=\"center\">\u00bd<\/td>\n<\/tr>\n<tr>\n<td align=\"center\">4<\/td>\n<td>Diaz Franco,Francisco Jorge<\/td>\n<td align=\"center\">1962<\/td>\n<td>Gobauer,Rudolf<\/td>\n<td align=\"center\">2030<\/td>\n<td align=\"center\">0<\/td>\n<td align=\"center\">1<\/td>\n<\/tr>\n<\/tbody>\n<\/table>\n<h1>Endrunde Badische Seniorenmeisterschaft<\/h1>\n<h3>4. Runde\u00a0\u00a0\u00a0Spieltag: 26.06.2016<\/h3>\n<table>\n<tbody>\n<tr>\n<th align=\"center\">BRETT<\/th>\n<th align=\"left\">SG Emmendingen\/Endingen<\/th>\n<th align=\"center\">2040<\/th>\n<th align=\"left\">Villingen-Schwenningen<\/th>\n<th align=\"center\">1869<\/th>\n<th align=\"center\">2<\/th>\n<th align=\"center\">2<\/th>\n<\/tr>\n<tr>\n<td align=\"center\">1<\/td>\n<td>Schrems,Hermann<\/td>\n<td align=\"center\">2042<\/td>\n<td>Dittmar,Hans-Joachim<\/td>\n<td align=\"center\">1967<\/td>\n<td align=\"center\">\u00bd<\/td>\n<td align=\"center\">\u00bd<\/td>\n<\/tr>\n<tr>\n<td align=\"center\">2<\/td>\n<td>Herbrechtsmeier,Christof<\/td>\n<td align=\"center\">2230<\/td>\n<td>Klostermann,Dietmar<\/td>\n<td align=\"center\">1887<\/td>\n<td align=\"center\">\u00bd<\/td>\n<td align=\"center\">\u00bd<\/td>\n<\/tr>\n<tr>\n<td align=\"center\">3<\/td>\n<td>Schmidt,Wolfgang<\/td>\n<td align=\"center\">1926<\/td>\n<td>Fugmann,Bernd<\/td>\n<td align=\"center\">1829<\/td>\n<td align=\"center\">\u00bd<\/td>\n<td align=\"center\">\u00bd<\/td>\n<\/tr>\n<tr>\n<td align=\"center\">4<\/td>\n<td>Diaz Franco,Francisco Jorge<\/td>\n<td align=\"center\">1962<\/td>\n<td>Cerff,Peter<\/td>\n<td align=\"center\">1791<\/td>\n<td align=\"center\">\u00bd<\/td>\n<td align=\"center\">\u00bd<\/td>\n<\/tr>\n<\/tbody>\n<\/table>\n","protected":false},"excerpt":{"rendered":"<p>Die Seniorenmannschaft des SCE nimmt an der Bezirksmeisterschaft teil. Zusammen mit dem SK Endingen bildet der SC Emmendingen eine Spielgemeinschaft, die unter der Bezeichnung SG Emmendingen\/Endingen firmiert. Im Bezirk Freiburg nehmen in der Saison 2015\/16 au\u00dferdem noch der SK FR Z\u00e4hringen und der SC Ebringen teil. In der ersten Runde war die SG Emmendingen\/Endingen spielfrei. &hellip; <a href=\"https:\/\/schachclub-emmendingen.badischer-schachverband.de\/index.php\/senioren\/mannschaft\/saison-2016\/\" class=\"more-link\"><span class=\"screen-reader-text\">Saison 2016<\/span> weiterlesen <span class=\"meta-nav\">&rarr;<\/span><\/a><\/p>\n","protected":false},"author":3,"featured_media":0,"parent":1140,"menu_order":9,"comment_status":"closed","ping_status":"closed","template":"","meta":{"footnotes":""},"class_list":["post-4450","page","type-page","status-publish","hentry"],"_links":{"self":[{"href":"https:\/\/schachclub-emmendingen.badischer-schachverband.de\/index.php\/wp-json\/wp\/v2\/pages\/4450","targetHints":{"allow":["GET"]}}],"collection":[{"href":"https:\/\/schachclub-emmendingen.badischer-schachverband.de\/index.php\/wp-json\/wp\/v2\/pages"}],"about":[{"href":"https:\/\/schachclub-emmendingen.badischer-schachverband.de\/index.php\/wp-json\/wp\/v2\/types\/page"}],"author":[{"embeddable":true,"href":"https:\/\/schachclub-emmendingen.badischer-schachverband.de\/index.php\/wp-json\/wp\/v2\/users\/3"}],"replies":[{"embeddable":true,"href":"https:\/\/schachclub-emmendingen.badischer-schachverband.de\/index.php\/wp-json\/wp\/v2\/comments?post=4450"}],"version-history":[{"count":1,"href":"https:\/\/schachclub-emmendingen.badischer-schachverband.de\/index.php\/wp-json\/wp\/v2\/pages\/4450\/revisions"}],"predecessor-version":[{"id":4451,"href":"https:\/\/schachclub-emmendingen.badischer-schachverband.de\/index.php\/wp-json\/wp\/v2\/pages\/4450\/revisions\/4451"}],"up":[{"embeddable":true,"href":"https:\/\/schachclub-emmendingen.badischer-schachverband.de\/index.php\/wp-json\/wp\/v2\/pages\/1140"}],"wp:attachment":[{"href":"https:\/\/schachclub-emmendingen.badischer-schachverband.de\/index.php\/wp-json\/wp\/v2\/media?parent=4450"}],"curies":[{"name":"wp","href":"https:\/\/api.w.org\/{rel}","templated":true}]}}