{"id":148,"date":"2016-01-01T19:49:59","date_gmt":"2016-01-01T19:49:59","guid":{"rendered":"http:\/\/localhost\/wordpress\/?page_id=148"},"modified":"2019-10-09T14:14:30","modified_gmt":"2019-10-09T14:14:30","slug":"saison-2016-2","status":"publish","type":"page","link":"https:\/\/schachclub-emmendingen.badischer-schachverband.de\/index.php\/mannschaften\/5-mannschaft\/saison-2016-2\/","title":{"rendered":"Saison 2016"},"content":{"rendered":"<h5>Kreisklasse D \u2013 17.04.2016 Runde 9<\/h5>\n<h3>SCE 5 wird Meister der Kreisklasse D<\/h3>\n<h6>SC Emmendingen 5 &#8211; SC Waldkirch 4 (Heimspiel) 4:0<\/h6>\n<p>Im letzten Heimspiel gegen die jungen G\u00e4ste aus Waldkirch lie\u00dfen die Emmendinger keinen Spielraum. Souver\u00e4n siegten G\u00fcnter Mench, Richard Schweizer, Hans Hipp und Helmut Maier. Damit steigt die F\u00fcnfte auf in die Kreisklasse C.<\/p>\n<p>Bester Spieler der Saison war Hans Hipp mit 7 Siegen aus 7 Partien. Er belegt damit auch Rangplatz 1 der Bestenliste aller Spieler der Kreisklasse D.<\/p>\n<hr \/>\n<h5>Kreisklasse D \u2013 20.03.2016 Runde 8<\/h5>\n<h3>SCE 5 bleibt Tabellenf\u00fchrer<\/h3>\n<h6>SK Endingen 4 &#8211; SC Emmendingen 5 (Ausw\u00e4rtsspiel) 1,5:2,5<\/h6>\n<p>Weil die Endinger keinen Raum zur Verf\u00fcgung hatten, fand das Spiel im AWO Teningen statt. Auch Endingen 4 war nicht in Lage, SCE 5 Mannschaftspunkte abzunehmen. Nach Siegen von Hans Hipp und Helmut Maier bei einem Remis von Franz Sifnatsch war der Mannschaftssieg perfekt. SCE 5 bleibt in der Kreisklasse D ungeschlagen und Tabellenf\u00fchrer.<\/p>\n<hr \/>\n<h5>Kreisklasse D \u2013 06.03.2016 Runde 7<\/h5>\n<h3>SCE 5 weiterhin ungeschlagen<\/h3>\n<h6>SC Emmendingen 5 &#8211; SC Oberwinden 5 (Heimspiel) 3,5:0,5<\/h6>\n<p>Das war eine klare Angelegenheit. Franz Sifnatsch, G\u00fcnter Mench und Hans Hipp brachten volle Punkte ein, Marco Krumm konnte ein Remis beitragen. Damit bleibt die F\u00fcnfte weiterhin ungeschlagen.<\/p>\n<hr \/>\n<h5>Kreisklasse D \u2013 14.02.2016 Runde 6<\/h5>\n<h3>Tabellenplatz 1 abgesichert<\/h3>\n<h6>SK FR Z\u00e4hringen 8 &#8211; SC Emmendingen 5 (Ausw\u00e4rtsspiel) 1,5:2,5<\/h6>\n<p>Wegen r\u00e4umlicher Probleme wurde das Spiel vom offiziellen Spieltag (14.02.) auf den 12.02. vorverlegt. Wir trafen auf eine junge Mannschaft, die erheblichen Widerstand leistete. Am Ende reichte es aber doch zu einem knappen Sieg. Franz Sifnatsch und Hans Hipp brachten volle Brettpunkte ein, Stefan B\u00fchler steuerte einen halben Punkt bei.<br \/>\nSo konnte die Mannschaft mit einem knappen 2,5:1,5 Erfolg heimkehren und Tabellenplatz 1 absichern.<\/p>\n<hr \/>\n<h5>Kreisklasse D \u2013 24.01.2016 Runde 5<\/h5>\n<h3>Erhoffter Erfolg realisiert<\/h3>\n<h6>SF Ettenheim 3 &#8211; SC Emmendingen 5 (Ausw\u00e4rtsspiel) 0,5:3,5<\/h6>\n<p>In optimaler Besetzung fuhr unsere F\u00fcnfte zum Ausw\u00e4rtsspiel nach Ettenheim. Planm\u00e4\u00dfig entwickelte sich der Kampf gegen die junge Mannschaft der Ettenheimer. So konnten Franz Sifnatsch, Richard Schweizer und Hans Hipp volle Brettpunkte einbringen. Stefan B\u00fchler remisierte.<br \/>\nDer Mannschaftserfolg mit 3,5:0,5 war deutlich. SCE 5 kann sich auf Tabellenplatz 1 momentan festsetzen.<\/p>\n<p><a href=\"http:\/\/schachclub-emmendingen.badischer-schachverband.de\/index.php\/2016\/01\/24\/ettenheim-3-emmendingen-5\/\">Zum Spielbericht<\/a><\/p>\n<hr \/>\n<h5>Kreisklasse D \u2013 13.12.2015 Runde 4<\/h5>\n<h3>F\u00fcnfte bleibt ungeschlagen<\/h3>\n<h6>Emmendingen 5 &#8211; Heitersheim 4 (Heimspiel) 3,5:0,5<\/h6>\n<p>Ein starkes Ergebnis lieferte die F\u00fcnfte ab. Als Gastgeber empfing diese die 4. Mannschaft aus Heitersheim. Kein Emmendinger Spieler verlor seine Partie. Stefan B\u00fchler, Hans Hipp und Matthias Sans punkteten voll und Marco Krumm steuerte ein Remis zum Mannschaftserfolg bei.<br \/>\nSo konnte Emmendingen sich auf dem Spitzenplatz festsetzen.<\/p>\n<hr \/>\n<h5>Kreisklasse D \u2013 22.11.2015 Runde 3<\/h5>\n<h3>Kampflos an die Spitze<\/h3>\n<h6>Emmendingen 5 &#8211; Ettenheim 3 (Heimspiel) 4:0<\/h6>\n<p>Leider kam es nicht zum Spitzenduell gegen Ettenheim. Die Ettenheimer hatten den Kampf abgesagt. So bekam SCE 5 die Brettpunkte kampflos angerechnet und bleibt f\u00fcr eine weitere Runde an der Spitze, gefolgt von einer ganzen Reihe von Mannschaften, die dort ebenfalls hinzielen.<\/p>\n<hr \/>\n<h5>Kreisklasse D \u2013 25.10.2015 Runde 2<\/h5>\n<h3>In Runde 2 wiederum erfolgreich<\/h3>\n<h6>Denzlingen 3 &#8211; Emmendingen 5 (Ausw\u00e4rtsspiel) 1,5:2,5<\/h6>\n<p>Die F\u00fcnfte musste zum Ausw\u00e4rtsspiel nach Denzlingen. Die Punkte konnten mit nach Hause genommen werden. Damit hat die Mannschaft ihre Berechtigung f\u00fcr die D-Klasse eindr\u00fccklich nachgewiesen.<br \/>\nJonas V\u00f6gtlin und Ruben Gihr gewannen ihre Partien, Hans-J\u00fcrgen Gro\u00dfmann konnte ein Remis zum Mannschaftserfolg beitragen.<\/p>\n<hr \/>\n<h5>Kreisklasse D \u2013 27.09.2015 Runde 1<\/h5>\n<h3>Klarer Erfolg gegen Endingen 5<\/h3>\n<h6>Emmendingen 5 &#8211; Endingen 5 (Heimspiel) 3,5:0,5<\/h6>\n<p>Die F\u00fcnfte empfing die 5. Endinger Mannschaft und tritt in der Saison 2015\/16 zum ersten Mal an.<br \/>\nDas war eine klare Angelegenheit. Hans Hipp, Helmut Maier und Hans-J\u00fcrgen Gro\u00dfmann brachten volle Brettpunkte ein und Franz Sifnatsch remisierte.<br \/>\nIn der n\u00e4chsten Runde am 25.10. spielt Emmendingen 4 ausw\u00e4rts gegen Denzlingen 3.<\/p>\n<hr \/>\n","protected":false},"excerpt":{"rendered":"<p>Kreisklasse D \u2013 17.04.2016 Runde 9 SCE 5 wird Meister der Kreisklasse D SC Emmendingen 5 &#8211; SC Waldkirch 4 (Heimspiel) 4:0 Im letzten Heimspiel gegen die jungen G\u00e4ste aus Waldkirch lie\u00dfen die Emmendinger keinen Spielraum. Souver\u00e4n siegten G\u00fcnter Mench, Richard Schweizer, Hans Hipp und Helmut Maier. Damit steigt die F\u00fcnfte auf in die Kreisklasse &hellip; <a href=\"https:\/\/schachclub-emmendingen.badischer-schachverband.de\/index.php\/mannschaften\/5-mannschaft\/saison-2016-2\/\" class=\"more-link\"><span class=\"screen-reader-text\">Saison 2016<\/span> weiterlesen <span class=\"meta-nav\">&rarr;<\/span><\/a><\/p>\n","protected":false},"author":4,"featured_media":0,"parent":215,"menu_order":4,"comment_status":"closed","ping_status":"closed","template":"","meta":{"footnotes":""},"class_list":["post-148","page","type-page","status-publish","hentry"],"_links":{"self":[{"href":"https:\/\/schachclub-emmendingen.badischer-schachverband.de\/index.php\/wp-json\/wp\/v2\/pages\/148","targetHints":{"allow":["GET"]}}],"collection":[{"href":"https:\/\/schachclub-emmendingen.badischer-schachverband.de\/index.php\/wp-json\/wp\/v2\/pages"}],"about":[{"href":"https:\/\/schachclub-emmendingen.badischer-schachverband.de\/index.php\/wp-json\/wp\/v2\/types\/page"}],"author":[{"embeddable":true,"href":"https:\/\/schachclub-emmendingen.badischer-schachverband.de\/index.php\/wp-json\/wp\/v2\/users\/4"}],"replies":[{"embeddable":true,"href":"https:\/\/schachclub-emmendingen.badischer-schachverband.de\/index.php\/wp-json\/wp\/v2\/comments?post=148"}],"version-history":[{"count":11,"href":"https:\/\/schachclub-emmendingen.badischer-schachverband.de\/index.php\/wp-json\/wp\/v2\/pages\/148\/revisions"}],"predecessor-version":[{"id":2792,"href":"https:\/\/schachclub-emmendingen.badischer-schachverband.de\/index.php\/wp-json\/wp\/v2\/pages\/148\/revisions\/2792"}],"up":[{"embeddable":true,"href":"https:\/\/schachclub-emmendingen.badischer-schachverband.de\/index.php\/wp-json\/wp\/v2\/pages\/215"}],"wp:attachment":[{"href":"https:\/\/schachclub-emmendingen.badischer-schachverband.de\/index.php\/wp-json\/wp\/v2\/media?parent=148"}],"curies":[{"name":"wp","href":"https:\/\/api.w.org\/{rel}","templated":true}]}}