{"id":88,"date":"2015-10-17T17:34:36","date_gmt":"2015-10-17T17:34:36","guid":{"rendered":"http:\/\/localhost\/wordpress\/?page_id=88"},"modified":"2025-07-30T10:46:38","modified_gmt":"2025-07-30T10:46:38","slug":"kontakt","status":"publish","type":"page","link":"http:\/\/schachclub-emmendingen.badischer-schachverband.de\/index.php\/verein\/kontakt\/","title":{"rendered":"Kontakt"},"content":{"rendered":"<h1 class=\"auto-style1\">Kontakt zum Schachclub Emmendingen<\/h1>\n<p>Die beste M\u00f6glichkeit zur Kontaktaufnahme besteht an den regelm\u00e4\u00dfigen Spielabenden:<\/p>\n<table style=\"height: 56px;\" width=\"549\">\n<tbody>\n<tr>\n<td>Dienstag ab 19:00 Uhr<\/td>\n<td>\u00a0\u00a0 Seniorenwohnanlage in 79331 Teningen, Rheinstr. 2a<\/td>\n<\/tr>\n<\/tbody>\n<\/table>\n<p><span class=\"auto-style1\"> Wir treffen uns jeden Dienstag (au\u00dfer an gesetzlichen Feiertagen) ab 18:00 Uhr in unserem Treffpunkt in der Seniorenwohnanlage (AWO) in Teningen, Rheinstr. 2a.<br \/>\nEinzelheiten siehe unter <a href=\"\/index.php\/verein\/spielbetrieb\/\">Spielbetrieb.<\/a><\/span><\/p>\n<p>Hier ist jeder Schachinteressierte herzlich willkommen.<br \/>\nEr kann sich als Anf\u00e4nger in die Geheimnisse des Schachspiels einf\u00fchren lassen oder je nach seiner Spielst\u00e4rke im Training mit den immer anwesenden Vereinsmitgliedern messen.<\/p>\n<p>Sollte vorab Informationsbedarf bestehen, sind selbstverst\u00e4ndlich alle Vorstandsmitglieder und Funktionstr\u00e4ger zur Auskunft bereit. Einzelheiten siehe unter <a class=\"auto-style2\" href=\"http:\/\/schachclub-emmendingen.badischer-schachverband.de\/index.php\/verein\/vorstand-2\/\">Vorstand<\/a>.<\/p>\n<p>Schriftliche Anfragen richten sich bitte an:<\/p>\n<pre>Gerhard Kiefer, \r\nIm J\u00e4geracker 15, 79312 Emmendingen\r\nFon\/Mail: 0171 3405722 \/ gerhard.kiefer@hotmail.com<\/pre>\n<p><a href=\"http:\/\/www.badische-zeitung.de\/emmendingen\/schachhochburg-emmendingen\">Bericht der Badischen Zeitung <\/a><\/p>\n","protected":false},"excerpt":{"rendered":"<p>Kontakt zum Schachclub Emmendingen Die beste M\u00f6glichkeit zur Kontaktaufnahme besteht an den regelm\u00e4\u00dfigen Spielabenden: Dienstag ab 19:00 Uhr \u00a0\u00a0 Seniorenwohnanlage in 79331 Teningen, Rheinstr. 2a Wir treffen uns jeden Dienstag (au\u00dfer an gesetzlichen Feiertagen) ab 18:00 Uhr in unserem Treffpunkt in der Seniorenwohnanlage (AWO) in Teningen, Rheinstr. 2a. Einzelheiten siehe unter Spielbetrieb. Hier ist jeder &hellip; <a href=\"http:\/\/schachclub-emmendingen.badischer-schachverband.de\/index.php\/verein\/kontakt\/\" class=\"more-link\"><span class=\"screen-reader-text\">Kontakt<\/span> weiterlesen <span class=\"meta-nav\">&rarr;<\/span><\/a><\/p>\n","protected":false},"author":4,"featured_media":0,"parent":158,"menu_order":0,"comment_status":"closed","ping_status":"closed","template":"","meta":{"footnotes":""},"class_list":["post-88","page","type-page","status-publish","hentry"],"_links":{"self":[{"href":"http:\/\/schachclub-emmendingen.badischer-schachverband.de\/index.php\/wp-json\/wp\/v2\/pages\/88","targetHints":{"allow":["GET"]}}],"collection":[{"href":"http:\/\/schachclub-emmendingen.badischer-schachverband.de\/index.php\/wp-json\/wp\/v2\/pages"}],"about":[{"href":"http:\/\/schachclub-emmendingen.badischer-schachverband.de\/index.php\/wp-json\/wp\/v2\/types\/page"}],"author":[{"embeddable":true,"href":"http:\/\/schachclub-emmendingen.badischer-schachverband.de\/index.php\/wp-json\/wp\/v2\/users\/4"}],"replies":[{"embeddable":true,"href":"http:\/\/schachclub-emmendingen.badischer-schachverband.de\/index.php\/wp-json\/wp\/v2\/comments?post=88"}],"version-history":[{"count":10,"href":"http:\/\/schachclub-emmendingen.badischer-schachverband.de\/index.php\/wp-json\/wp\/v2\/pages\/88\/revisions"}],"predecessor-version":[{"id":9084,"href":"http:\/\/schachclub-emmendingen.badischer-schachverband.de\/index.php\/wp-json\/wp\/v2\/pages\/88\/revisions\/9084"}],"up":[{"embeddable":true,"href":"http:\/\/schachclub-emmendingen.badischer-schachverband.de\/index.php\/wp-json\/wp\/v2\/pages\/158"}],"wp:attachment":[{"href":"http:\/\/schachclub-emmendingen.badischer-schachverband.de\/index.php\/wp-json\/wp\/v2\/media?parent=88"}],"curies":[{"name":"wp","href":"https:\/\/api.w.org\/{rel}","templated":true}]}}