{"id":839,"date":"2016-01-08T22:53:26","date_gmt":"2016-01-08T22:53:26","guid":{"rendered":"http:\/\/schachclub-emmendingen.badischer-schachverband.de\/?page_id=839"},"modified":"2019-10-09T13:52:05","modified_gmt":"2019-10-09T13:52:05","slug":"saison-2011","status":"publish","type":"page","link":"http:\/\/schachclub-emmendingen.badischer-schachverband.de\/index.php\/mannschaften\/4-mannschaft-bis-2024\/saison-2011\/","title":{"rendered":"Saison 2011"},"content":{"rendered":"<h1>Die Saison brachte zu viele Niederlagen<\/h1>\n<h5>17.04.2011 Runde 9<\/h5>\n<p>Auch die letzte Begegnung der Saison musste gegen Oberwinden 5 abgesagt werden. Damit verlor <b>Emmendingen 4<\/b> mit 5:0 und blieb auf dem Abstiegsplatz 8.<br \/>\nBester Spieler der Saison war Udo Berger.<br \/>\nOhne Verlustpartie in der Vierten blieben Daniel Reifsteck, Udo Berger und Thomas M\u00e4dler.<\/p>\n<h5>03.04.2011 Runde 8<\/h5>\n<p><b>Emmendingen 4<\/b> konnte auf Grund von Spielerabsagen nicht antreten und verlor das Heimspiel mit 0:5.<\/p>\n<h5>13.03.2011 Runde 7<\/h5>\n<p><b>Emmendingen 4<\/b> hatte ein Ausw\u00e4rtsspiel gegen Endingen 5 zu bestehen. Bernhard Frank, Daniel Reifsteck und Stefan B\u00fchler gewannen ihre Partien. Udo Berger und Mohamed Salou remisierten. Kein Emmendinger Spieler verlor seine Partie. Die Begegnung endete 1:4. Leider ergab dieser Sieg keine Rangverbesserung. Die Abstiegszone konnte nicht verlassen werden.<\/p>\n<h5>13.02.2011 Runde 6<\/h5>\n<p>In der zweiten Derbybegegnung war Endingen 4 zu Gast. Diese spielten stark auf. Von <b>Emmendingen 4<\/b> kamen nur Hans Homeier und Miriam Sch\u00e4fer zu einer Punkteteilung. Alle anderen mussten die Brettpunkte abgeben. Endstand 1:4 und weiterhin Rang 8.<\/p>\n<h5>23.01.2011 Runde 5<\/h5>\n<p>Die 4. Mannschaft musste zum Ausw\u00e4rtsspiel gegen Umkirch 2 antreten. An Brett 2 versuchte Alexander M\u00e4dler durch aggressives Spiel einen Freibauern auf das Umwandlungsfeld zu bringen. Er hatte aber Material in den Plan investiert, das ihm am Schluss fehlte. Er musste den Brettpunkt abgeben. Auch Mohamed Salou konnte seinen Gegner nicht bezwingen. Udo Berger sah nach l\u00e4ngerem Kampf keine Gewinnchance und einigte sich auf Remis. Zwischenstand damit 2 \u00bd: \u00bd zum Nachteil von <b>Emmendingen 4<\/b>. Bernhard Frank lehnte ein Remisangebot des Gegners ab, um das Mannschaftsergebnis fr\u00fchzeitig nicht zu gef\u00e4hrden. Noch waren bei besserer Stellung 2 Siege m\u00f6glich. Erst als Stefan B\u00fchler an Brett 3 keine Gewinnchance mehr sah, remisierten beide. Endstand 3 \u00bd:1 \u00bd und weiterhin Rang 8.<\/p>\n<h5>12.12.2010 Runde 4<\/h5>\n<p>Auch <b>Emmendingen 4<\/b> konnte einen klaren 5:0-Sieg gegen Waldkirch 4 verbuchen. Diese waren nur mit 4 Spielern angereist, so dass bereits zu Beginn ein Brettpunkt auf das Emmendinger Konto ging. Hans Homeier, Udo Berger, Thomas M\u00e4dler und Miriam Sch\u00e4fer gewannen ihre Partien. Die Mannschaft verbesserte sich auf Rang 8.<\/p>\n<h5>21.11.2010 Runde 3<\/h5>\n<p><b>Emmendingen 4<\/b> hatte unter den Spielerausf\u00e4llen bei den oberen Emmendinger Mannschaften ganz besonders zu leiden. So konnte nur eine Rumpfmannschaft von 3 Spielern den Tabellenzweiten Z\u00e4hringen 5 empfangen. 2 Brettpunkte waren also schon verloren. Alle Emmendinger mussten die Brettpunkte abgeben. Endstand 0:5 und nach der dritten Niederlage in Folge Tabellenplatz 9.<\/p>\n<h5>31.10.2010 Runde 2<\/h5>\n<p>Aufgrund der Ausf\u00e4lle von Stammspielern in den h\u00f6heren Mannschaften wirkte sich dies bei der 4. Mannschaft aus. Leider musste <b>Emmendingen 4<\/b> mit nur 4 Spielern nach Simonswald anreisen. Damit war bereits 1 Brettpunkt verloren. Diese 4 konnten den Verlust gegen die erfahrenen Spieler von Simonswald am Ende nicht ausgleichen und nur \u00bd Brettpunnkt mit nach Hause nehmen. Dies ergab Rang 8.<\/p>\n<h5>17.10.2010 Runde 1<\/h5>\n<p>Im Heimspiel gegen Freiburg-West 3 musste <b>Emmendingen 4<\/b> eine knappe 2:3-Niederlage einstecken. Lutz Sch\u00e4fer und auch der erstmalig in der Mannschaft spielende Mohamed Salou gewannen ihre Partien. Alle anderen mussten einen Brettpunkt abgeben. Leider konnte Max Sch\u00e4fer, der zeitweilig erheblich besser stand, seinen Vorteil nicht in einen Sieg umsetzen. Die Mannschaft erreichte Rang 7.<\/p>\n","protected":false},"excerpt":{"rendered":"<p>Die Saison brachte zu viele Niederlagen 17.04.2011 Runde 9 Auch die letzte Begegnung der Saison musste gegen Oberwinden 5 abgesagt werden. Damit verlor Emmendingen 4 mit 5:0 und blieb auf dem Abstiegsplatz 8. Bester Spieler der Saison war Udo Berger. Ohne Verlustpartie in der Vierten blieben Daniel Reifsteck, Udo Berger und Thomas M\u00e4dler. 03.04.2011 Runde &hellip; <a href=\"http:\/\/schachclub-emmendingen.badischer-schachverband.de\/index.php\/mannschaften\/4-mannschaft-bis-2024\/saison-2011\/\" class=\"more-link\"><span class=\"screen-reader-text\">Saison 2011<\/span> weiterlesen <span class=\"meta-nav\">&rarr;<\/span><\/a><\/p>\n","protected":false},"author":4,"featured_media":0,"parent":143,"menu_order":9,"comment_status":"closed","ping_status":"closed","template":"","meta":{"footnotes":""},"class_list":["post-839","page","type-page","status-publish","hentry"],"_links":{"self":[{"href":"http:\/\/schachclub-emmendingen.badischer-schachverband.de\/index.php\/wp-json\/wp\/v2\/pages\/839","targetHints":{"allow":["GET"]}}],"collection":[{"href":"http:\/\/schachclub-emmendingen.badischer-schachverband.de\/index.php\/wp-json\/wp\/v2\/pages"}],"about":[{"href":"http:\/\/schachclub-emmendingen.badischer-schachverband.de\/index.php\/wp-json\/wp\/v2\/types\/page"}],"author":[{"embeddable":true,"href":"http:\/\/schachclub-emmendingen.badischer-schachverband.de\/index.php\/wp-json\/wp\/v2\/users\/4"}],"replies":[{"embeddable":true,"href":"http:\/\/schachclub-emmendingen.badischer-schachverband.de\/index.php\/wp-json\/wp\/v2\/comments?post=839"}],"version-history":[{"count":5,"href":"http:\/\/schachclub-emmendingen.badischer-schachverband.de\/index.php\/wp-json\/wp\/v2\/pages\/839\/revisions"}],"predecessor-version":[{"id":2636,"href":"http:\/\/schachclub-emmendingen.badischer-schachverband.de\/index.php\/wp-json\/wp\/v2\/pages\/839\/revisions\/2636"}],"up":[{"embeddable":true,"href":"http:\/\/schachclub-emmendingen.badischer-schachverband.de\/index.php\/wp-json\/wp\/v2\/pages\/143"}],"wp:attachment":[{"href":"http:\/\/schachclub-emmendingen.badischer-schachverband.de\/index.php\/wp-json\/wp\/v2\/media?parent=839"}],"curies":[{"name":"wp","href":"https:\/\/api.w.org\/{rel}","templated":true}]}}