{"id":825,"date":"2009-01-08T21:52:47","date_gmt":"2009-01-08T21:52:47","guid":{"rendered":"http:\/\/schachclub-emmendingen.badischer-schachverband.de\/?page_id=825"},"modified":"2019-10-09T13:19:44","modified_gmt":"2019-10-09T13:19:44","slug":"saison-2009","status":"publish","type":"page","link":"http:\/\/schachclub-emmendingen.badischer-schachverband.de\/index.php\/mannschaften\/3-mannschaft\/saison-2009\/","title":{"rendered":"Saison 2009"},"content":{"rendered":"<p><span class=\"auto-style1\">Stand nach Saisonende 2009:<\/p>\n<p><b>Emmendingen 3<\/b> hatte durch den 3,5:1,5-Heimsieg gegen Endingen 4 in der 8. Runde wieder aufgeholt. Der damalige Tabellenerste Endingen 3 (21 Punkte) hatte zu Hause gegen den Tabellendritten Heitersheim 2 (18 Punkte) wider Erwarten verloren. Damit war ein Aufstieg nur noch bei hohen Verlusten von Simonswald und Oberwinden 5 m\u00f6glich. Beide nutzten ihre Chancen und siegten. In der Kreisklasse C im Schachbezirk Freiburg geh\u00f6ren zur Mannschaft 5 Spieler statt der sonst \u00fcblichen 8 Spieler pro Mannschaft. Am Ende der Saison belegte unsere 3. Mannschaft den 5. Rang. <\/span><\/p>\n","protected":false},"excerpt":{"rendered":"<p>Stand nach Saisonende 2009: Emmendingen 3 hatte durch den 3,5:1,5-Heimsieg gegen Endingen 4 in der 8. Runde wieder aufgeholt. Der damalige Tabellenerste Endingen 3 (21 Punkte) hatte zu Hause gegen den Tabellendritten Heitersheim 2 (18 Punkte) wider Erwarten verloren. Damit war ein Aufstieg nur noch bei hohen Verlusten von Simonswald und Oberwinden 5 m\u00f6glich. Beide &hellip; <a href=\"http:\/\/schachclub-emmendingen.badischer-schachverband.de\/index.php\/mannschaften\/3-mannschaft\/saison-2009\/\" class=\"more-link\"><span class=\"screen-reader-text\">Saison 2009<\/span> weiterlesen <span class=\"meta-nav\">&rarr;<\/span><\/a><\/p>\n","protected":false},"author":4,"featured_media":0,"parent":141,"menu_order":11,"comment_status":"closed","ping_status":"closed","template":"","meta":{"footnotes":""},"class_list":["post-825","page","type-page","status-publish","hentry"],"_links":{"self":[{"href":"http:\/\/schachclub-emmendingen.badischer-schachverband.de\/index.php\/wp-json\/wp\/v2\/pages\/825","targetHints":{"allow":["GET"]}}],"collection":[{"href":"http:\/\/schachclub-emmendingen.badischer-schachverband.de\/index.php\/wp-json\/wp\/v2\/pages"}],"about":[{"href":"http:\/\/schachclub-emmendingen.badischer-schachverband.de\/index.php\/wp-json\/wp\/v2\/types\/page"}],"author":[{"embeddable":true,"href":"http:\/\/schachclub-emmendingen.badischer-schachverband.de\/index.php\/wp-json\/wp\/v2\/users\/4"}],"replies":[{"embeddable":true,"href":"http:\/\/schachclub-emmendingen.badischer-schachverband.de\/index.php\/wp-json\/wp\/v2\/comments?post=825"}],"version-history":[{"count":1,"href":"http:\/\/schachclub-emmendingen.badischer-schachverband.de\/index.php\/wp-json\/wp\/v2\/pages\/825\/revisions"}],"predecessor-version":[{"id":826,"href":"http:\/\/schachclub-emmendingen.badischer-schachverband.de\/index.php\/wp-json\/wp\/v2\/pages\/825\/revisions\/826"}],"up":[{"embeddable":true,"href":"http:\/\/schachclub-emmendingen.badischer-schachverband.de\/index.php\/wp-json\/wp\/v2\/pages\/141"}],"wp:attachment":[{"href":"http:\/\/schachclub-emmendingen.badischer-schachverband.de\/index.php\/wp-json\/wp\/v2\/media?parent=825"}],"curies":[{"name":"wp","href":"https:\/\/api.w.org\/{rel}","templated":true}]}}