{"id":816,"date":"2013-01-08T21:49:41","date_gmt":"2013-01-08T21:49:41","guid":{"rendered":"http:\/\/schachclub-emmendingen.badischer-schachverband.de\/?page_id=816"},"modified":"2019-10-09T13:22:30","modified_gmt":"2019-10-09T13:22:30","slug":"saison-2013","status":"publish","type":"page","link":"http:\/\/schachclub-emmendingen.badischer-schachverband.de\/index.php\/mannschaften\/3-mannschaft\/saison-2013\/","title":{"rendered":"Saison 2013"},"content":{"rendered":"<h5>21.04.2013 Runde 9<\/h5>\n<h3>Nach dem letztj\u00e4hrigen Aufstieg aus der Kreisklasse A startet die Dritte in die Bezirksklasse durch<\/h3>\n<h6>Denzlingen 2 &#8211; Emmendingen 3 (Ausw\u00e4rtsspiel) 3,5:4,5<\/h6>\n<p>Die Dritte trat im Saisonabschlussspiel beim Tabellenvorletzten an und war als Tabellenzweiter durchaus favorisiert. Trotzdem wurde es ein enger Erfolg. Nach schnellen Remis an Brett 1 von Andreas Haas und Brett 6 von Bruno Savkovic teilte sich auch Franz Sifnatsch an Brett 3 den Punkt. R\u00fcdiger Schmedding erk\u00e4mpfte den ersten Siegpunkt f\u00fcr Emmendingen. Fritz Schneider errang entscheidenden Vorteil und gewann seine Partie. Am Ende konnte auch Ulrich Steinke die ausgeglichene Stellung noch zu einem vollen Brettpunkt f\u00fcr Emmendingen umm\u00fcnzen. Er war damit der Matchwinner. Der knappe Mannschaftssieg reichte am Ende f\u00fcr das Verbleiben auf dem zweiten <strong>Aufstiegsplatz in die Bezirksklasse<\/strong>. Wir gratulieren der Mannschaft herzlich zu diesem Erfolg.<\/p>\n<h5>24.03.2013 Runde 8<\/h5>\n<h3>Hoffnung auf Aufstieg<\/h3>\n<h6>Emmendingen 3 &#8211; Freiburg Wiehre 2 (Heimspiel) 5,5:2,5<\/h6>\n<p>Die G\u00e4ste von Freiburg Wiehre reisten mit nur 6 Spielern an, was Emmendingen sogleich 2 BP einbrachte. Nach einem starken Spiel an Brett 3 konnte Bruno Grohm\u00fcller seinen Gegner bezwingen. Kurz darauf teilte sich Franz Sifnatsch an Brett 4 den Punkt. Einen soliden Sieg erk\u00e4mpfte auch Andreas Haas an Brett 1. Damit war der Mannschaftssieg beim Zwischenstand von 4,5:0,5 bereits perfekt. An Brett 2 konnte auch Ulrich Steinke noch einen Siegpunkt beitragen. Somit wurden an den vorderen Brettern insgesamt 3,5 BP erk\u00e4mpft. Hier war Emmendingen DWZ-m\u00e4\u00dfig auch besser besetzt. Mit 10 MP bei 32,5 BP katapultierte sich die Dritte auf Rangplatz 2 der Tabelle und damit auf einen Aufstiegsplatz.<br \/>\nDas Saisonabschlussspiel findet in Denzlingen beim Tabellenvorletzten statt.<\/p>\n<h5>03.03.2013 Runde 7<\/h5>\n<h3>Remis mit FR West 2<\/h3>\n<h6>Freiburg West 2 &#8211; Emmendingen 3 (Ausw\u00e4rtsspiel) 4:4<\/h6>\n<p>Die Zweite hatte ein Ausw\u00e4rtsspiel gegen Freiburg West 2 zu absolvieren. Diese waren an den vorderen Brettern stark aufgestellt, so dass es f\u00fcr Emmendingen 3 hier nur 1,5 BP zu holen gab. Diese wurden von Andreas Haas (0,5 BP) und Franz Sifnatsch (1 BP) eingebracht. An den hinteren Brettern wurden souver\u00e4n die Brettpunkte von Andreas Heidenreich, Bernhard Frank und Udo Berger erreicht. Dadurch konnte der Nachteil der vorderen Bretter komplett ausgeglichen werden. Der Endstand war 4:4 und ergab bei 27 BP den 4. Tabellenrang, punktgleich mit Z\u00e4hringen 4 (Rang 2) und Merzhausen 3 (Rang 3). Vom Ausgang der letzten beiden Runden h\u00e4ngt es ab, ob eine Aufstiegsm\u00f6glichkeit besteht.<br \/>\nBeide punktgleiche Mannschaften haben noch gegen den unangefochtenen Tabellenf\u00fchrer anzutreten. Emmendingen 3 hat mit dem Tabellenletzten und dem Vorletzten die leichteren Aufgaben.<\/p>\n<h5>17.02.2013 Runde 6<\/h5>\n<h3>Leichter Sieg durch stark geschw\u00e4chte Oberwindener<\/h3>\n<h6>Emmendingen 3 &#8211; Oberwinden 4 (Heimspiel) 5,5:2,5<\/h6>\n<p>Unsere Dritte empfing die G\u00e4ste aus Oberwinden mit der 4. Mannschaft. Diese trat allerdings extrem geschw\u00e4cht an, so dass sogleich 4 Brettpunkte verloren gingen. Recht schnell endete auch die Partie von Franz Sifnatsch an Brett 1 mit Remis. Emmendingen 3 hatte den Mannschaftskampf bereits gewonnen. Bald danach remisierten auch Daniel Reifsteck und Bruno Savkovic. R\u00fcdiger Schmedding hatte Probleme mit Albins Gegengambit und musste heftig k\u00e4mpfen. Am Ende reichte es nicht. Der Mannschaftskampf wurde mit 5,5:2,5 deutlich gewonnen. Dieser Sieg katapultierte Emmendingen 2 auf Rang 2 der Tabelle.<\/p>\n<h5>27.01.2013 Runde 5<\/h5>\n<h3>Emmendingen trotzt starken Z\u00e4hringern ein Remis ab<\/h3>\n<h6>Z\u00e4hringen 4 &#8211; Emmendingen 3 (Ausw\u00e4rtsspiel) 4:4<\/h6>\n<p>Die Dritte musste in Z\u00e4hringen gegen die dortige Vierte antreten. An den vorderen Brettern war kein Siegpunkt zu erreichen. Ulrich Steinke, Bruno Grohm\u00fcller, Franz Sifnatsch und Bruno Savkovic erk\u00e4mpften ein Remis. Durch die fr\u00fchen Siege von Bernhard Frank und Udo Berger konnte die Mannschaft den Gleichstand mit 4:4 halten. Allerdings gab Emmendingen 2 einen Rangplatz ab. Mit 5 MP bei 17,5 BP bedeutete das Rang 6, punktgleich mit Endingen 2.<\/p>\n<h5>13.01.2013 Runde 4<\/h5>\n<h3>\u00dcberlegene Dreisamt\u00e4ler lassen SCE 3 keine Chance<\/h3>\n<h6>Emmendingen 3 &#8211; Dreisamtal 2 (Heimspiel) 0,5:7,5<\/h6>\n<p>Die Gastmannschaft Dreisamtal 2 trat mit etwa 330 DWZ mehr im Mannschaftsdurchschnitt so stark \u00fcberlegen an, dass Emmendingen an allen Brettern chancenlos war. Die Mannschaftsehre rettete einzig Bernhard Frank, der trotzdem seinem Gegner ein Remis abringen konnte.<br \/>\nRang 5 konnte gehalten werden.<\/p>\n<h5>16.12.2012 Runde 3<\/h5>\n<h3>Gl\u00fcckliches Remis<\/h3>\n<h6>Merzhausen 3 &#8211; Emmendingen 3 (Ausw\u00e4rtsspiel) 4:4<\/h6>\n<p>Wie in jeder Saison tat sich Emmendingen in Merzhausen wieder schwer. Merzhausen 3 war DWZ-m\u00e4\u00dfig \u00fcberlegen. So konnte die Dritte durchgehend an fast allen Brettern nur ein Remis erreichen. Lediglich an Brett 8 konnte ein BP verbucht werden, weil Merzhausen f\u00fcr Udo Berger keinen Gegner stellte. Damit wurde die vertretbare Niederlage an Brett 6 ausgeglichen. Das Endergebnis lautete 4:4.<br \/>\nBei 4 Mannschaftspunkten und 13 BP hatte die Dritte Rang 5 der Tabelle eingenommen.<\/p>\n<h5>18.11.2012 Runde 2<\/h5>\n<h3>Ausgeglichenes Derby der Aufsteiger<\/h3>\n<h6>Emmendingen 3 &#8211; Endingen 2 (Heimspiel) 4:4<\/h6>\n<p>Im 2. Derby empfing die Dritte die 2. Mannschaft von Endingen. Nachdem beide Mannschaften aufgestiegen waren, konnte mit spannenden K\u00e4mpfen gerechnet werden. Andreas Haas setzte sich an Brett 1 durch. Ebenso brachten Wolfgang Dederichs, dessen Gegener fr\u00fchzeitig eine Figur einstellte, und Andreas Heidenreich, der kurzfristig eingesprungen war, ihre Partien &#8222;nach Hause&#8220;. Ulrich Steinke und Franz Sifnatsch remisierten. Am Ende ging der Mannschaftskampf unentschieden aus. Das ergab insgesamt 3 Mannschaftspunkte bei 9 Brettpunkten und Rang 4 in der Tabelle.<\/p>\n<h5>21.10.2012 Runde 1<\/h5>\n<h3>Hervorragender Saisonstart<\/h3>\n<h6>S\u00f6lden 2 &#8211; Emmendingen 3 (Ausw\u00e4rtsspiel) 3:5<\/h6>\n<p>Einen gro\u00dfartigen Erfolg nach dem letztj\u00e4hrigen Aufstieg in die Kreisklasse A hatte die 3. Mannschaft in S\u00f6lden zu verbuchen. Hier erreichten durch Siege volle Brettpunkte Ulrich Steinke, Franz Sifnatsch, Bruno Savkovic und Bernhard Frank. Andreas Haas und Bruno Grohm\u00fcller trugen mit Remis zum Mannschaftserfolg bei. Ein erfolgreicher Tag f\u00fcr die Dritte. In der Tabelle wurde Platz 3 eingenommen. <\/p>\n","protected":false},"excerpt":{"rendered":"<p>21.04.2013 Runde 9 Nach dem letztj\u00e4hrigen Aufstieg aus der Kreisklasse A startet die Dritte in die Bezirksklasse durch Denzlingen 2 &#8211; Emmendingen 3 (Ausw\u00e4rtsspiel) 3,5:4,5 Die Dritte trat im Saisonabschlussspiel beim Tabellenvorletzten an und war als Tabellenzweiter durchaus favorisiert. Trotzdem wurde es ein enger Erfolg. Nach schnellen Remis an Brett 1 von Andreas Haas und &hellip; <a href=\"http:\/\/schachclub-emmendingen.badischer-schachverband.de\/index.php\/mannschaften\/3-mannschaft\/saison-2013\/\" class=\"more-link\"><span class=\"screen-reader-text\">Saison 2013<\/span> weiterlesen <span class=\"meta-nav\">&rarr;<\/span><\/a><\/p>\n","protected":false},"author":4,"featured_media":0,"parent":141,"menu_order":7,"comment_status":"closed","ping_status":"closed","template":"","meta":{"footnotes":""},"class_list":["post-816","page","type-page","status-publish","hentry"],"_links":{"self":[{"href":"http:\/\/schachclub-emmendingen.badischer-schachverband.de\/index.php\/wp-json\/wp\/v2\/pages\/816","targetHints":{"allow":["GET"]}}],"collection":[{"href":"http:\/\/schachclub-emmendingen.badischer-schachverband.de\/index.php\/wp-json\/wp\/v2\/pages"}],"about":[{"href":"http:\/\/schachclub-emmendingen.badischer-schachverband.de\/index.php\/wp-json\/wp\/v2\/types\/page"}],"author":[{"embeddable":true,"href":"http:\/\/schachclub-emmendingen.badischer-schachverband.de\/index.php\/wp-json\/wp\/v2\/users\/4"}],"replies":[{"embeddable":true,"href":"http:\/\/schachclub-emmendingen.badischer-schachverband.de\/index.php\/wp-json\/wp\/v2\/comments?post=816"}],"version-history":[{"count":8,"href":"http:\/\/schachclub-emmendingen.badischer-schachverband.de\/index.php\/wp-json\/wp\/v2\/pages\/816\/revisions"}],"predecessor-version":[{"id":2618,"href":"http:\/\/schachclub-emmendingen.badischer-schachverband.de\/index.php\/wp-json\/wp\/v2\/pages\/816\/revisions\/2618"}],"up":[{"embeddable":true,"href":"http:\/\/schachclub-emmendingen.badischer-schachverband.de\/index.php\/wp-json\/wp\/v2\/pages\/141"}],"wp:attachment":[{"href":"http:\/\/schachclub-emmendingen.badischer-schachverband.de\/index.php\/wp-json\/wp\/v2\/media?parent=816"}],"curies":[{"name":"wp","href":"https:\/\/api.w.org\/{rel}","templated":true}]}}