{"id":777,"date":"2015-01-08T20:14:52","date_gmt":"2015-01-08T20:14:52","guid":{"rendered":"http:\/\/schachclub-emmendingen.badischer-schachverband.de\/?page_id=777"},"modified":"2019-10-09T13:07:29","modified_gmt":"2019-10-09T13:07:29","slug":"saison-2015","status":"publish","type":"page","link":"http:\/\/schachclub-emmendingen.badischer-schachverband.de\/index.php\/mannschaften\/2-mannschaft\/saison-2015\/","title":{"rendered":"Saison 2015"},"content":{"rendered":"<h5>19.04.2015 Runde 9<\/h5>\n<h3>Meister der Bezirksklasse Freiburg<\/h3>\n<h6>Dreisamtal 2 &#8211; Emmendingen 2 (Ausw\u00e4rtsspiel) 3,5:4,5<\/h6>\n<p>Auch im letzten Kampf gegen Dreisamtal 2 blieb die Zweite ungeschlagen und kann f\u00fcr die gesamte Saison auf nunmehr 8 Siege in Folge aus 9 Mannschaftsk\u00e4mpfen zur\u00fcckblicken. Damit relativiert sich die knappe Niederlage in der ersten Runde gegen Ettenheim, das nun mit nur einem Brettpunkt Unterschied auf den zweiten Tabellenrang verwiesen wurde. Der Meistertitel in der Bezirksklasse Freiburg ist hochverdient.<\/p>\n<p>Der Spielverlauf war ebenfalls zufriedenstellend. Daniel Reifsteck er\u00f6ffnete mit Remis nachdem weder er noch sein Gegner nach vorsichtigem Abtasten einen Gewinnweg fanden. Kurz darauf verbuchte Joachim Fleischer den ersten ganzen Brettpunkt f\u00fcr Emmendingen, gefolgt von Wolfgang Schmidt und Sven Wasmer, die remisierten. Emmendingen hatte 2,5 Brettpunkte gegen 1,5. Der Sieg von Toni Gens brachte einen weiteren Punkt. Andreas H\u00fcgle erk\u00e4mpfte ein Remis und Axel Wolf hatte nach mehreren Remisangeboten, die alle vom Gegner abgelehnt wurden, durch einen Fehler seines Gegners klar den Sieg vor Augen, konnte aber ein Dauerschach mit der Dame nicht verhindern.<br \/>\nDas Gesamtergebnis reichte f\u00fcr einen knappen 4,5:3,5-Erfolg.<\/p>\n\n\n<p class=\"rpbchessboard-spacerBefore\"><\/p>\n\n<div class=\"rpbchessboard-chessgame\">\n    <noscript>\n        <div class=\"rpbchessboard-javascriptWarning\">\n            Sie m\u00fcssen JavaScript aktivieren, um die Notation zu verbessern.        <\/div>\n    <\/noscript>\n    <div id=\"rpbchessboard-69e504a0009cd-1\"><\/div>\n    <script type=\"text\/javascript\">\n        (function() {\n            function renderThisPGN() {\n                RPBChessboard.renderPGN(\"rpbchessboard-69e504a0009cd-1\", {\"pgn\":\"[Event \\\"VR 14\\\/15 Dreisamtal 2-Em 2\\\"]\\r\\n[Site \\\"?\\\"]\\r\\n[Date \\\"2015.04.19\\\"]\\r\\n[Round \\\"9.8\\\"]\\r\\n[White \\\"Christ, Patrick\\\"]\\r\\n[Black \\\"Wolf, Axel\\\"]\\r\\n[Result \\\"1\\\/2-1\\\/2\\\"]\\r\\n[ECO \\\"A40\\\"]\\r\\n[WhiteElo \\\"1678\\\"]\\r\\n[BlackElo \\\"1518\\\"]\\r\\n[PlyCount \\\"144\\\"]\\r\\n\\r\\n1. d4 e5 2. dxe5 Nc6 3. Nf3 Qe7 4. Nc3 Nxe5 5. e3 c6 6. b3 d5 7. Bb2 Bg4 8. Be2\\r\\nNxf3+ 9. Bxf3 Bxf3 10. Qxf3 Qe6 11. O-O-O O-O-O 12. Rhe1 Nf6 13. Ne2 Qg4 14.\\r\\nBxf6 Qxf3 15. gxf3 gxf6 16. e4 Ba3+ 17. Kb1 Rhg8 18. Ng3 Bc5 19. Re2 dxe4 20.\\r\\nRxd8+ Rxd8 21. Nxe4 Ba3 22. Rd2 Rxd2 23. Nxd2 f5 24. Nc4 Bc5 25. Kc1 f6 26. Ne3\\r\\nKd7 27. Nxf5 Bxf2 28. Kd2 Ke6 29. Ng3 f5 30. Kd3 Ke5 31. Ne2 h5 32. f4+ Ke6 33.\\r\\nNd4+ Bxd4 34. Kxd4 h4 35. c4 b6 36. c5 b5 37. b4 Kf6 38. Ke3 Ke6 39. Kf3 Kd5\\r\\n40. Ke3 Kc4 41. a3 Kb3 42. Kd4 Kxa3 43. Ke5 Kxb4 44. Kd6 a5 45. Kxc6 a4 46. Kb6\\r\\na3 47. c6 a2 48. c7 a1=Q 49. c8=Q Qd4+ 50. Ka6 Qd6+ 51. Kb7 Qe7+ 52. Kb6 Qe3+\\r\\n53. Ka6 Qxf4 54. Qf8+ Ka4 55. Qc5 Qc4 56. Qxf5 Qc6+ 57. Ka7 Qc7+ 58. Ka6 b4 59.\\r\\nQb5+ Kb3 60. Qd3+ Qc3 61. Qb1+ Ka3 62. Qe4 h3 63. Kb5 b3 64. Qe7+ Ka2 65. Qa7+\\r\\nKb2 66. Qf2+ Qc2 67. Qd4+ Kb1 68. Qg1+ Qc1 69. Qg6+ Ka2 70. Qa6+ Qa3 71. Qe6\\r\\nQc1 72. Qa6+ Kb1 1\\\/2-1\\\/2\",\"pieceSymbols\":\"localized\",\"navigationBoard\":\"floatLeft\",\"withPlayButton\":true,\"withFlipButton\":true,\"withDownloadButton\":true,\"nboSquareSize\":32,\"nboCoordinateVisible\":true,\"nboTurnVisible\":true,\"nboColorset\":\"original\",\"nboPieceset\":\"cburnett\",\"nboAnimated\":true,\"nboMoveArrowVisible\":true,\"nboMoveArrowColor\":\"b\",\"idoSquareSize\":32,\"idoCoordinateVisible\":true,\"idoTurnVisible\":true,\"idoColorset\":\"original\",\"idoPieceset\":\"cburnett\"});\n            }\n            if (document.readyState === 'loading') {\n                document.addEventListener('DOMContentLoaded', renderThisPGN);\n            }\n            else {\n                renderThisPGN();\n            }\n        })();\n    <\/script>\n<\/div>\n\n<p class=\"rpbchessboard-spacerAfter\"><\/p>\n\n<p>In der Saison haben Gerhard Kiefer (1), Jens Rahnfeld (2), Thomas Ehret (4), Wolfgang Schmidt (8), Sven Wasmer (3), Joachim Fleischer (7), Daniel Reifsteck (6), Axel Wolf (5) und R\u00fcdiger Schmedding (1) kein Spiel verloren, soweit sie f\u00fcr die Zweite gespielt haben.<br \/>\nDie meisten Brettpunkte trug Wolfgang Schmidt (6\/8) zum Mannschaftserfolg bei, gefolgt von Joachim Fleischer (5\/7). Wolfgang errang auch die meisten Siege (4) und schaffte in der Bestenliste einen Platz unter den Top10.<\/p>\n<h5>22.03.2015 Runde 8<\/h5>\n<h3>Aufstieg gesichert<\/h3>\n<h6>Emmendingen 2 &#8211; Schwarze Pumpe 2 (Heimspiel) 7:1<\/h6>\n<p>Schwarze Pumpe 2 reiste nicht mit der st\u00e4rksten Mannschaft an, so dass Emmendingen nominal deutlich \u00fcberlegen war. Entsprechend klar wurde das Ergebnis.<br \/>\nAuch der Spielverlauf war optimal. Boris Litfin setzte als Erster den Ma\u00dfstab mit einem schnellen Sieg, dicht gefolgt von Axel Wolf. Nach 2 Stunden stand es 2:0 f\u00fcr Emmendingen. Etwa eine 3\/4 Stunde sp\u00e4ter endeten fast zeitgleich 4 weitere Partien. Iouri Sorokovski und Toni Gens punkteten souver\u00e4n mit Mattangriffen, Joachim Fleischer und Andreas H\u00fcgle trugen ein Remis bei. Zwischenstand 5:1.<br \/>\nEmmendingen hatte bereits gewonnen.<br \/>\nDie beiden letzten Partien waren noch Zugabe. Wolfgang Schmidt brachte an Brett 2 einen sch\u00f6nen Mattangriff erfolgreich zu Ende. Auch Thomas Ehret konnte an Brett 1 nach fast 2 weiteren Stunden in ausgeglichener Partie Zeit\u00fcberschreitung reklamieren. Endstand 7:1. Kein Emmendinger Spieler hatte verloren.<\/p>\n<p>Emmendingen hat in der Bezirksklasse zusammen mit Ettenheim 14 Mannschaftspunkte bei 2 Minuspunkten erreicht und ist damit f\u00fcr die \u00fcbrigen Verfolger uneinholbar. Der Aufstieg in die Bereichsliga ist erreicht!<\/p>\n<figure id=\"attachment_320\" aria-describedby=\"caption-attachment-320\" style=\"width: 448px\" class=\"wp-caption alignnone\"><a href=\"http:\/\/schachclub-emmendingen.badischer-schachverband.de\/wp-content\/uploads\/2015\/10\/zweite2015.jpg\" rel=\"attachment wp-att-320\"><img loading=\"lazy\" decoding=\"async\" class=\"wp-image-320 size-full\" src=\"http:\/\/schachclub-emmendingen.badischer-schachverband.de\/wp-content\/uploads\/2015\/10\/zweite2015.jpg\" alt=\"zweite2015\" width=\"448\" height=\"274\" srcset=\"http:\/\/schachclub-emmendingen.badischer-schachverband.de\/wp-content\/uploads\/2015\/10\/zweite2015.jpg 448w, http:\/\/schachclub-emmendingen.badischer-schachverband.de\/wp-content\/uploads\/2015\/10\/zweite2015-300x183.jpg 300w, http:\/\/schachclub-emmendingen.badischer-schachverband.de\/wp-content\/uploads\/2015\/10\/zweite2015-245x150.jpg 245w, http:\/\/schachclub-emmendingen.badischer-schachverband.de\/wp-content\/uploads\/2015\/10\/zweite2015-150x92.jpg 150w\" sizes=\"auto, (max-width: 448px) 100vw, 448px\" \/><\/a><figcaption id=\"caption-attachment-320\" class=\"wp-caption-text\">Die Zweite schafft den Aufstieg in die Bereichsliga. hintere Reihe v. l.: Thomas Ehret, Wolfgang Schmidt, Toni Gens vordere Reihe v. l.: Axel Wolf (Mannschaftsf\u00fchrer), Joachim Fleischer, Iouri Sorokovski, Andreas H\u00fcgle nicht im Bild: Gerhard Kiefer (1), Jens Rahnfeld (2), Sven Wasmer (2), Boris Litfin (5), Markus Roos (2), Daniel Reifsteck (5), Karl Ziegler (3), R\u00fcdiger Schmedding (1) (Foto: Axel Wolf)<\/figcaption><\/figure>\n<h5>01.03.2015 Runde 7<\/h5>\n<h3>Spektakul\u00e4rer Schritt f\u00fcr Emmendingen<\/h3>\n<h6>Schwarze Pumpe 1 &#8211; Emmendingen 2 (Ausw\u00e4rtsspiel) 3:5<\/h6>\n<p>Das ist ja gerade noch gut gegangen. Emmendingen wollte gewinnen, hatte aber enorme Schwierigkeiten. Vor Spielbeginn konnten zwar wegen unbesetzter Bretter bereits 2 Brettpunkte auf das Guthabenkonto verbucht werden, und durch den schnellen Sieg von Wolfgang Schmidt ging Emmendingen mit 3:0 in F\u00fchrung, doch dann lief es eher z\u00e4h. Toni Gens konnte ein Remis beitragen. Zwischenstand 3,5:1,5. Thomas Ehret remisierte gegen das Spitzenbrett durch Dauerschach des Gegners, aber Brett 2 gab den Brettpunkt \u00fcberraschend ab.<br \/>\nJetzt liefen noch die Partien an Brett 4 und 5. Brett 4 musste trotz harten Ringens unerwartet passen, so dass Schwarze Pumpe noch auf 4:3 verk\u00fcrzen konnte. Doch Boris Litfin hatte 2 Mehrbauern aber Zeitnot, erreichte den Sieg kurz vor der Zeitkontrolle und rettete die Ehre der Mannschaft.<\/p>\n<p>Emmendingen konnte die Tabellenspitze verteidigen, aber die Verfolger sind durch ihre Siege weiterhin auf den Fersen.<\/p>\n<h5>08.02.2015 Runde 6<\/h5>\n<h3>Emmendingen h\u00e4lt die Tabellenspitze<\/h3>\n<h6>Emmendingen 2 &#8211; Oberwinden 3 (Heimspiel) 8:0<\/h6>\n<p>Oberwinden 3 konnte keine komplette Mannschaft stellen und musste den Kampf absagen.<br \/>\nDamit bekommt Emmendingen 2 beide Mannschaftspunkte bei 8-0 Brettpunkten und kann die Tabellenspitze verteidigen.<\/p>\n<h5>25.01.2015 Runde 5<\/h5>\n<h3>Heimsieg gegen Bad Krozingen bringt die Tabellenf\u00fchrung<\/h3>\n<h6>Emmendingen 2 &#8211; Bad Krozingen (Heimspiel) 5,5:2,5<\/h6>\n<p>Im Heimspiel gegen Bad Krozingen hat fast alles gepasst. Durch Verst\u00e4rkung von der Ersten war die Zweite in der Papierform deutlich im Vorteil. Auch der Ablauf der Partien verlief optimal. So setzte Gerhard Kiefer mit klarem Sieg an Brett 1 den Ma\u00dfstab. Thomas Ehret punktete souver\u00e4n an Brett 2. Dann ging es Schlag auf Schlag. Fast zeitgleich beendeten Andreas H\u00fcgle, R\u00fcdiger Schmedding mit vollen Brettpunkten und Daniel Reifsteck mit Remis ihre Partien. Damit war der Mannschaftskampf mit 4,5:0,5 bereits gewonnen. Wolfgang Schmidt konnte noch einen Brettpunkt drauflegen. Die Bretter 5 und 6 konnten leider nicht standhalten.<br \/>\nDas Endergebnis mit 5,5:2,5 brachte Emmendingen 2 die Tabellenf\u00fchrung, da Ettenheim die Punkte abgeben musste.<\/p>\n<h5>14.12.2014 Runde 4<\/h5>\n<h3>Gegen Ebringen 2 gelingt der dritte Sieg in Folge<\/h3>\n<h6>Ebringen 2 &#8211; Emmendingen 2 (Ausw\u00e4rtsspiel) 3,5:4,5<\/h6>\n<p>Gut ger\u00fcstet trat die Zweite am Sonntag gegen Ebringen 2 an. Man wollte den Erfolg.<br \/>\nDoch es wurde auch dieses Mal hart. Wolfgang Schmidt spielte am h\u00f6chsten Emmendinger Schwarzbrett 2. Sein Gegner kam gut aus der Er\u00f6ffung, \u00fcbersah aber den wohl st\u00e4rksten Zug und willigte in ausgeglichener Stellung ins Remis ein. Brett 7 gab in der Er\u00f6ffnung Material, f\u00fcr das keine ausreichende Kompensation bestand. Sven Wasmer brachte seinen Gegner an Brett 3 unter erheblichen Druck, dem dieser nichts entgegen setzen konnte. Er erk\u00e4mpfte den ersten vollen Brettpunkt und glich das Brettpunktekonto wieder aus. Toni Gens und Joachim Fleischer fanden keinen ausreichenden Gewinnweg und remisierten. Zwischenstand 2,5:2,5.<br \/>\nEs liefen noch die Partien an den Brettern 1, 6 und 8. Daniel Reifsteck kam sehr gut aus der Er\u00f6ffnung und erreichte im Mittelspiel eine Gewinnposition. Leider setzte er den Vorteil durch einen ungenauen Damenzug wieder aufs Spiel und musste das Remis akzeptieren. Zwischenstand 3:3. Iouri Sorokovski f\u00fchrte bei deutlicher DWZ-\u00dcberlegenheit an Brett 1 die wei\u00dfen Figuren und konnte f\u00fcr die Mannschaft einen vollen Brettpunkt souver\u00e4n beisteuern.<br \/>\nEmmendingen hatte bereits 4:3 Brettpunkte erreicht. Ein Remis an Brett 8 reichte f\u00fcr den Mannschaftssieg.<br \/>\nAxel Wolf hatte ein Remisangebot in einem Turmendspiel mit 6 zu 6 Bauern aufgrund der Stellung abgelehnt. Im 65. Zug vergab er nach 5 1\/2 Stunden die letzte Gewinnchance und musste sich mit Remis begn\u00fcgen. Der Mannschaftskampf war knapp mit 4,5:3,5 entschieden.<br \/>\nZum Jahresabschluss festigte Emmendingen den zweiten Tabellenrang.<\/p>\n<h5>23.11.2014 Runde 3<\/h5>\n<h3>Kantersieg gegen Z\u00e4hringen 4<\/h3>\n<h6>Emmendingen 2 &#8211; Z\u00e4hringen 4 (Heimspiel) 8:0<\/h6>\n<p>Z\u00e4hringen hatte mit seiner Vierten eine aufstrebende Nachwuchsmannschaft ohne die n\u00f6tige Erfahrung entsandt, die nicht komplett antrat und von der DWZ weit unterlegen war. Entsprechend verlief auch das Spiel. Schon nach etwa einer 3\/4 Stunde legte Daniel Reifsteck den Grundstock f\u00fcr den Kantersieg. Dann ging es Schlag auf Schlag. Jens Rahnfeld, Iouri Sorokovski, Joachim Fleischer, Boris Litfin und Andreas H\u00fcgle brachten ihre Partien sicher zum Sieg. Einzig die Partie an Brett 3 war hart umk\u00e4mpft. Wolfgang Schmidt hatte sich durch die ungenaue Behandlung der Er\u00f6ffnung in Druck bringen lassen. Nach dem Abtausch der Figuren konnte er ausgleichen, und es kam zu einem schwierig zu spielenden Turmendspiel mit einem Mehrbauern. Sein junger Gegner konnte lange widerstehen, doch schlie\u00dflich setzte sich die Erfahrung durch.<br \/>\nMit diesem Erfolg katapultiert sich die Zweite auf den 2. Tabellenrang hinter Ettenheim.<\/p>\n<h5>02.11.2014 Runde 2<\/h5>\n<h3>Klarer Erfolg gegen Wiehre<\/h3>\n<h6>Wiehre 1 &#8211; Emmendingen 2 (Ausw\u00e4rtsspiel) 3:5<\/h6>\n<p>Wegen einiger Ausf\u00e4lle in beiden Mannschaften war zu Beginn der Begegnung am Sonntag in Freiburg-Wiehre ein Ausgang schwer zu prognostizieren. Umso erfreulicher waren dann die ersten Ergebnisse. Jens Rahnfeld an Brett 1 bezwang seinen Gegner nach 1 1\/2 Stunden ohne Probleme. Zeitgleich einigte sich Sven Wasmer nach Abtausch der Damen auf Remis an Brett 3, und Axel Wolf gewann an Brett 8 mit Schwarz durch einen Mattangriff im 19. Zug. Der Grundstein f\u00fcr einen Erfolg war mit 2,5:0,5 Mannschaftspunkten gelegt. So konnten kurz danach Toni Gens in ausgeglichener Stellung und Joachim Fleischer mit leichtem Nachteil remisieren. Zwischenstand 3,5:1,5 zugunsten von Emmendingen.<br \/>\nWolfgang Schmidt mit Schwarz an Brett 2 erk\u00e4mpfte ein Remis. Emmendingen hatte mit 4 MP den Sieg vor Augen. An Brett 7 f\u00fchrte Karl Ziegler die wei\u00dfen Figuren. Nach ausgeglichenem Kampf unterlief seinem Gegner im 23. Zug ein leichter Fehler, den Karl sofort ausnutzte und in der Folge nicht mehr locker lie\u00df. Nach Abtausch der Damen waren die Partie und damit der Mannschaftskampf mit 5:2 bereits klar gewonnen.<br \/>\nIn der letzten Partie hatte Daniel Reifsteck ein Remisangebot abgelehnt. Er hatte st\u00e4ndig einen Mattangriff vor Augen. Doch der Gegner tauschte seinen gef\u00e4hrlichen L\u00e4ufer, gewann einen Bauern und erh\u00f6hte den Druck. Nach 5 Stunden musste Daniel trotz heftiger Gegenwehr nach einem \u00fcberaus interessanten Spiel passen.<\/p>\n<h5>12.10.2014 Runde 1<\/h5>\n<h3>Knappe Niederlage im Er\u00f6ffnungsspiel<\/h3>\n<h6>Emmendingen 2 &#8211; Ettenheim 1 (Heimspiel) 3,5:4,5<\/h6>\n<p>Im ersten Verbandsrundenspiel hatte Emmendingen 2 mit Ettenheim 1 den Absteiger aus der Bereichsliga zu Gast. Erwartungsgem\u00e4\u00df kam es zu spannenden Spielen. Das erste Ergebnis brachte nach 3 1\/2 Stunden Daniel Reifsteck mit einem halben Punkt ein. Er musste sich mit Schwarz gegen die Orang-Utan-Er\u00f6ffnung seines Gegners zur Wehr setzen, blieb hierbei aber zu defensiv. Kurz darauf endete die Partie von Boris Litfin. Er spielte mit den wei\u00dfen Figuren eine brillante Partie und stand am Ende sogar deutlich besser. Allerdings brauchte er zuviel Bedenkzeit und verlor. Fast zeitgleich endete die Partie von Thomas Ehret. Er spulte mit Schwarz seine Z\u00fcge ab, lehnte ein Remisangebot ab und punktete. Kurz darauf endete auch die Partie von Wolfgang Schmidt nach ausgeglichenem Spiel mit Remis. Zwischenstand somit 2:2. Toni Gens konnte sich aus der Er\u00f6ffnung mit Minusbauer befreien. Im Endspiel mit ungleichen L\u00e4ufern musste er passen. Karl Ziegler und Joachim Fleischer konnten ein Remis zum Mannschaftsergebnis beitragen. Stand 3:4. Die Partie an Brett 3 entschied also \u00fcber Verlust oder Remis. Nach einer aufregenden Zeitnotphase f\u00fcr beide Spieler endete die Partie schlie\u00dflich remis.<\/p>\n","protected":false},"excerpt":{"rendered":"<p>19.04.2015 Runde 9 Meister der Bezirksklasse Freiburg Dreisamtal 2 &#8211; Emmendingen 2 (Ausw\u00e4rtsspiel) 3,5:4,5 Auch im letzten Kampf gegen Dreisamtal 2 blieb die Zweite ungeschlagen und kann f\u00fcr die gesamte Saison auf nunmehr 8 Siege in Folge aus 9 Mannschaftsk\u00e4mpfen zur\u00fcckblicken. Damit relativiert sich die knappe Niederlage in der ersten Runde gegen Ettenheim, das nun &hellip; <a href=\"http:\/\/schachclub-emmendingen.badischer-schachverband.de\/index.php\/mannschaften\/2-mannschaft\/saison-2015\/\" class=\"more-link\"><span class=\"screen-reader-text\">Saison 2015<\/span> weiterlesen <span class=\"meta-nav\">&rarr;<\/span><\/a><\/p>\n","protected":false},"author":4,"featured_media":0,"parent":139,"menu_order":5,"comment_status":"closed","ping_status":"closed","template":"","meta":{"footnotes":""},"class_list":["post-777","page","type-page","status-publish","hentry"],"_links":{"self":[{"href":"http:\/\/schachclub-emmendingen.badischer-schachverband.de\/index.php\/wp-json\/wp\/v2\/pages\/777","targetHints":{"allow":["GET"]}}],"collection":[{"href":"http:\/\/schachclub-emmendingen.badischer-schachverband.de\/index.php\/wp-json\/wp\/v2\/pages"}],"about":[{"href":"http:\/\/schachclub-emmendingen.badischer-schachverband.de\/index.php\/wp-json\/wp\/v2\/types\/page"}],"author":[{"embeddable":true,"href":"http:\/\/schachclub-emmendingen.badischer-schachverband.de\/index.php\/wp-json\/wp\/v2\/users\/4"}],"replies":[{"embeddable":true,"href":"http:\/\/schachclub-emmendingen.badischer-schachverband.de\/index.php\/wp-json\/wp\/v2\/comments?post=777"}],"version-history":[{"count":8,"href":"http:\/\/schachclub-emmendingen.badischer-schachverband.de\/index.php\/wp-json\/wp\/v2\/pages\/777\/revisions"}],"predecessor-version":[{"id":2606,"href":"http:\/\/schachclub-emmendingen.badischer-schachverband.de\/index.php\/wp-json\/wp\/v2\/pages\/777\/revisions\/2606"}],"up":[{"embeddable":true,"href":"http:\/\/schachclub-emmendingen.badischer-schachverband.de\/index.php\/wp-json\/wp\/v2\/pages\/139"}],"wp:attachment":[{"href":"http:\/\/schachclub-emmendingen.badischer-schachverband.de\/index.php\/wp-json\/wp\/v2\/media?parent=777"}],"curies":[{"name":"wp","href":"https:\/\/api.w.org\/{rel}","templated":true}]}}