{"id":709,"date":"2016-01-08T19:07:44","date_gmt":"2016-01-08T19:07:44","guid":{"rendered":"http:\/\/localhost\/wordpress\/?page_id=709"},"modified":"2025-07-30T11:10:54","modified_gmt":"2025-07-30T11:10:54","slug":"vorstand-2","status":"publish","type":"page","link":"http:\/\/schachclub-emmendingen.badischer-schachverband.de\/index.php\/verein\/vorstand-2\/","title":{"rendered":"Vorstand"},"content":{"rendered":"<pre><span style=\"color: #993300;\">\r\n<strong>1. Vorsitzender:<\/strong>\r\nMatthias Deutschmann, \r\nE.Mail.:mail@matthiasdeutschmann.de\r\n: \r\n<pre><span style=\"color: #993300;\"><strong>2. Vorsitzender:<\/strong>\r\nOgrinz Beatrice, \r\n\r\n<pre><span style=\"color: #993300;\">\r\n<strong>Kassenwart:<\/strong>\r\n\r\n<strong>Schriftf\u00fchrer:<\/strong>\r\nGerhard Kiefer, \r\nIm J\u00e4geracker 15, 79312 Emmendingen\r\nFon\/Mail: 0171 3405722 \/ gerhard.kiefer@hotmail.com\r\n\r\n<strong><em>Die vorgenannten Personen bilden den Vorstand nach \u00a7 26 BGB. \r\nDer 1. Vorsitzende ist allein vertretungsberechtigt; in dessen Abwesenheit der 2. Vorsitzende.<\/em><\/strong><\/span><\/pre>\n<hr \/>\n<pre><span style=\"color: #993300;\">\r\n<strong>Webmaster:<\/strong>\r\nDaniel Reifsteck, \r\nSchillerstr. 31, 79331 Teningen\r\nEmail.: daniel.reifsteck@googlemail.com\r\nTel.: 015209625056\r\n\r\n<strong style=\"color: #993300;\">Kassenpr\u00fcfer:<\/strong>\r\n<\/span><span style=\"color: #993300;\">Dr. Bernhard Frank\r\n\r\n<strong>Presse\/\u00d6ffentlichkeit:<\/strong>\r\nDr. Karl Ziegler\r\n\r\n<strong>Jugendbetreuer:<\/strong>\r\nFrank Lewin, \r\nWiesenstr.54, 79312 Emmendingen\r\nEmail.: frank.lewin@web.de\r\nTel.: 01735157547\r\n\r\n<strong>1. Mannschaft:\r\nGerhard Kiefer, \r\nFon\/Mail: 0171 3405722\/gerhard@skylla.de<\/strong>\r\n\r\n<strong>2. Mannschaft:<\/strong>\r\nSebastian Sch\u00e4chtele \r\nFon: 0157 33664473 \r\n\r\n<strong>3. Mannschaft:<\/strong> \r\n\r\n<strong>Pokalmannschaft\/Seniorenmannschaft:<\/strong>\r\nGerhard Kiefer, \r\n Fon\/Mail: 0171 3405722\/gerhard@skylla.de\r\n<\/span><\/pre>\n<p>Mitgliederbeitr\u00e4ge:<br \/>\nJugendliche bis 14 Jahre\u00a0 \u00a0 \u00a0 \u00a0 20,00 \u20ac<br \/>\nJugendliche bis 18 Jahr\u00a0 \u00a0 \u00a0 \u00a0 \u00a040,00 \u20ac<br \/>\nAktive Mitglieder\u00a0 \u00a0 \u00a0 \u00a0 \u00a0 \u00a0 \u00a0  70,00 \u20ac<br \/>\nPassive Mitglieder\u00a0 \u00a0 \u00a0 \u00a0 \u00a0 \u00a0 \u00a0\u00a030,00 \u20ac<\/p>\n<p>Zur F\u00f6rderung der Jugend sind Sponsoren jederzeit herzlich willkommen.<br \/>\nEntsprechende Mittel werden verwendet, um die Kosten f\u00fcr die Teilnahme der Jugend an Wettk\u00e4mpfen au\u00dferhalb der Region tragen zu k\u00f6nnen.<\/p>\n<p>Bankverbindung: Sparkasse Freiburg Breisgau<br \/>\nBIC: FRSPDE66XXX<br \/>\nIBAN: DE 34 6805 0101 0020 0010 27<\/p>\n","protected":false},"excerpt":{"rendered":"<p>1. Vorsitzender: Matthias Deutschmann, E.Mail.:mail@matthiasdeutschmann.de : 2. Vorsitzender: Ogrinz Beatrice, Kassenwart: Schriftf\u00fchrer: Gerhard Kiefer, Im J\u00e4geracker 15, 79312 Emmendingen Fon\/Mail: 0171 3405722 \/ gerhard.kiefer@hotmail.com Die vorgenannten Personen bilden den Vorstand nach \u00a7 26 BGB. Der 1. Vorsitzende ist allein vertretungsberechtigt; in dessen Abwesenheit der 2. Vorsitzende. Webmaster: Daniel Reifsteck, Schillerstr. 31, 79331 Teningen Email.: daniel.reifsteck@googlemail.com &hellip; <a href=\"http:\/\/schachclub-emmendingen.badischer-schachverband.de\/index.php\/verein\/vorstand-2\/\" class=\"more-link\"><span class=\"screen-reader-text\">Vorstand<\/span> weiterlesen <span class=\"meta-nav\">&rarr;<\/span><\/a><\/p>\n","protected":false},"author":4,"featured_media":0,"parent":158,"menu_order":0,"comment_status":"closed","ping_status":"closed","template":"","meta":{"footnotes":""},"class_list":["post-709","page","type-page","status-publish","hentry"],"_links":{"self":[{"href":"http:\/\/schachclub-emmendingen.badischer-schachverband.de\/index.php\/wp-json\/wp\/v2\/pages\/709","targetHints":{"allow":["GET"]}}],"collection":[{"href":"http:\/\/schachclub-emmendingen.badischer-schachverband.de\/index.php\/wp-json\/wp\/v2\/pages"}],"about":[{"href":"http:\/\/schachclub-emmendingen.badischer-schachverband.de\/index.php\/wp-json\/wp\/v2\/types\/page"}],"author":[{"embeddable":true,"href":"http:\/\/schachclub-emmendingen.badischer-schachverband.de\/index.php\/wp-json\/wp\/v2\/users\/4"}],"replies":[{"embeddable":true,"href":"http:\/\/schachclub-emmendingen.badischer-schachverband.de\/index.php\/wp-json\/wp\/v2\/comments?post=709"}],"version-history":[{"count":10,"href":"http:\/\/schachclub-emmendingen.badischer-schachverband.de\/index.php\/wp-json\/wp\/v2\/pages\/709\/revisions"}],"predecessor-version":[{"id":1217,"href":"http:\/\/schachclub-emmendingen.badischer-schachverband.de\/index.php\/wp-json\/wp\/v2\/pages\/709\/revisions\/1217"}],"up":[{"embeddable":true,"href":"http:\/\/schachclub-emmendingen.badischer-schachverband.de\/index.php\/wp-json\/wp\/v2\/pages\/158"}],"wp:attachment":[{"href":"http:\/\/schachclub-emmendingen.badischer-schachverband.de\/index.php\/wp-json\/wp\/v2\/media?parent=709"}],"curies":[{"name":"wp","href":"https:\/\/api.w.org\/{rel}","templated":true}]}}