{"id":668,"date":"2016-01-06T17:46:14","date_gmt":"2016-01-06T17:46:14","guid":{"rendered":"http:\/\/localhost\/wordpress\/?page_id=668"},"modified":"2016-02-10T20:45:06","modified_gmt":"2016-02-10T20:45:06","slug":"anderssen","status":"publish","type":"page","link":"http:\/\/schachclub-emmendingen.badischer-schachverband.de\/index.php\/sonstiges\/meisterpartien\/anderssen\/","title":{"rendered":"Adolf Anderssen"},"content":{"rendered":"<p>Adolf Andersson war Deutscher Schachmeister. Er wurde am 06.07.1818 in Breslau geboren und verstarb dort am 13.03.1879. Er erlernte das Schachspiel mit 9 Jahren von seinem Vater und baute seine Kenntnisse in den Folgejahren aus.<\/p>\n<p>1851 nahm er anl\u00e4sslich der Weltausstellung in London an einem internationalen Schachturnier teil und gewann es. Damit erregte er gro\u00dfes Aufsehen in der internationalen Schachwelt. W\u00e4hrend dieses Aufenthalts traf er sich in einem Cafehaus mit dem bekannten baltischen Schachspieler Lionel Kieseritzky au\u00dferhalb des Turniers. Die dort gespielte Partie gilt in den Analen als die<\/p>\n<p><a name=\"unsterbliche\"><\/a><\/p>\n<hr>\n<h5>&#8222;Unsterbliche Partie&#8220;<\/h5>\n\n\n<p class=\"rpbchessboard-spacerBefore\"><\/p>\n\n<div class=\"rpbchessboard-chessgame\">\n    <noscript>\n        <div class=\"rpbchessboard-javascriptWarning\">\n            Sie m\u00fcssen JavaScript aktivieren, um die Notation zu verbessern.        <\/div>\n    <\/noscript>\n    <div id=\"rpbchessboard-69e9e93e31ef9-1\"><\/div>\n    <script type=\"text\/javascript\">\n        (function() {\n            function renderThisPGN() {\n                RPBChessboard.renderPGN(\"rpbchessboard-69e9e93e31ef9-1\", {\"pgn\":\"[Event \\\"London\\\"]\\r\\n[Site \\\"?\\\"]\\r\\n[Date \\\"1851.??.??\\\"]\\r\\n[Round \\\"?\\\"]\\r\\n[White \\\"Anderssen\\\"]\\r\\n[Black \\\"Kieseritzky\\\"]\\r\\n[Result \\\"1-0\\\"]\\r\\n[PlyCount \\\"45\\\"]\\r\\n\\r\\n1.e4\\r\\n{Known as the &#8222;Immortal Game&#8220; this magnificent example of Adolf Anderssen&#8217;s combinative powers is still considered one of the best games of all time.}\\r\\ne5 2.f4 exf4 3.Bc4 Qh4+ 4.Kf1 b5\\r\\n{The Bryan Counter-Gam bit where Black wishes to draw the bishop away from the a2-g8 diagonal.}\\r\\n5.Bxb5 Nf6 6.Nf3 Qh6\\r\\n{The Black queen proves to be out of play here. Better was 6&#8230;Qh5.}\\r\\n7.d3 Nh5\\r\\n{7&#8230;g5 was a more natural way to defend the f-pawn.}\\r\\n8.Nh4\\r\\n{8.Kg1 would stop Black&#8217;s threat of Ng3+ winning the exchange. However, White would now drop a piece instead.}\\r\\nQg5 9.Nf5 c6\\r\\n{9&#8230;g6 10.h4 Qf6 11.Nc3 gxf5 12.Qxh5 would give White the lead in development.}\\r\\n10.g4 Nf6 11.Rg1\\r\\n{This piece sacrifice pursues White&#8217;s agressive policy started with 8.Nh4. The important d5-square will now become available.}\\r\\ncxb5 12.h4 Qg6\\r\\n{The queen is a useless bystander now.}\\r\\n13.h5 Qg5 14.Qf3\\r\\n{Threatens to trap the Black queen with 15.Bxf4.}\\r\\nNg8\\r\\n{So Black is forced to retreat to the home square.}\\r\\n15.Bxf4 Qf6 16.Nc3\\r\\n{Although White has only two pawns for a piece he has a winning position due to his large lead in development. Black&#8217;s pieces, with the exception of the queen and the b-pawn, are all on their original squares.}\\r\\nBc5 17.Nd5\\r\\n{This introduces a double rook sacrifice, where White will give up both of his rooks, even though he is already a piece down.}\\r\\nQxb2 18.Bd6\\r\\n{Thus begins the &#8222;Immortal Sacrifice&#8220;.}\\r\\nQxa1+\\r\\n{18&#8230;Bxd6 19.Nxd6+ Kd8 20.Nxf7+ Ke8 when White would have a forced mate in two.}\\r\\n19.Ke2 Bxg1\\r\\n{The best defense, as noted by Steinitz, was 19&#8230;Qb2, but fortunately for posterity Kieseritzky didn&#8217;t figure that out. 19&#8230;Qxg1 would again allow White a forced mate.}\\r\\n20.e5\\r\\n{By blocking the queen off the protection of his g-pawn. White is threatening to mate in two with 21.Nxg7+ Kd8 22.Bc7 mate.}\\r\\nNa6\\r\\n{Black covers the c7 square from White&#8217;s dark squared bishop. However, just when you think Black might defend, Anderssen explodes the position with yet another brilliant line.}\\r\\n21.Nxg7+ Kd8 22.Qf6+\\r\\n{By sacrificing the queen White has mate next move.}\\r\\nNxf6\\r\\n{The only move.}\\r\\n23.Be7#\\r\\n{A forced mate by three minor pieces while Black still has most of his pieces on the board. Truly a magnificent game&#8230;The Immortal Game.}\\r\\n1-0\",\"pieceSymbols\":\"localized\",\"navigationBoard\":\"frame\",\"withPlayButton\":true,\"withFlipButton\":true,\"withDownloadButton\":true,\"nboSquareSize\":32,\"nboCoordinateVisible\":true,\"nboTurnVisible\":true,\"nboColorset\":\"original\",\"nboPieceset\":\"cburnett\",\"nboAnimated\":true,\"nboMoveArrowVisible\":true,\"nboMoveArrowColor\":\"b\",\"idoSquareSize\":32,\"idoCoordinateVisible\":true,\"idoTurnVisible\":true,\"idoColorset\":\"original\",\"idoPieceset\":\"cburnett\"});\n            }\n            if (document.readyState === 'loading') {\n                document.addEventListener('DOMContentLoaded', renderThisPGN);\n            }\n            else {\n                renderThisPGN();\n            }\n        })();\n    <\/script>\n<\/div>\n\n<p class=\"rpbchessboard-spacerAfter\"><\/p>\n\n<h5>&#8222;Immergr\u00fcne Partie&#8220;<\/h5>\n\n\n<p class=\"rpbchessboard-spacerBefore\"><\/p>\n\n<div class=\"rpbchessboard-chessgame\">\n    <noscript>\n        <div class=\"rpbchessboard-javascriptWarning\">\n            Sie m\u00fcssen JavaScript aktivieren, um die Notation zu verbessern.        <\/div>\n    <\/noscript>\n    <div id=\"rpbchessboard-69e9e93e31ef9-2\"><\/div>\n    <script type=\"text\/javascript\">\n        (function() {\n            function renderThisPGN() {\n                RPBChessboard.renderPGN(\"rpbchessboard-69e9e93e31ef9-2\", {\"pgn\":\"[Event \\\"Berlin\\\"]\\r\\n[Site \\\"?\\\"]\\r\\n[Date \\\"1852.??.??\\\"]\\r\\n[Round \\\"?\\\"]\\r\\n[White \\\"Anderssen\\\"]\\r\\n[Black \\\"Dufresne\\\"]\\r\\n[Result \\\"1-0\\\"]\\r\\n[PlyCount \\\"47\\\"]\\r\\n\\r\\n1.e4 e5 2.Nf3 Nc6 3.Bc4 Bc5 4.b4\\r\\n{White is playing the Evans Gambit. Sacrificing a pawn, White wins time for the realization of the moves c3 and d4 and also obtains the lead in development.}\\r\\nBxb4 5.c3 Ba5 6.d4 exd4 7.O-O d3\\r\\n{7&#8230;Nge7 Aiming for rapid development and preparing counterplay in the center is a better way to play.}\\r\\n8.Qb3 Qf6 9.e5 Qg6 10.Re1 Nge7 11.Ba3\\r\\n{Black&#8217;s main problem in this position is his backward development on the queenside.}\\r\\nb5\\r\\n{Black gives back one of the pawns with the hope of getting his queenside pieces into the game.}\\r\\n12.Qxb5 Rb8 13.Qa4 Bb6 14.Nbd2 Bb7\\r\\n{Although Black has developed his queenside pieces the most important piece is still in the center. In our collection of games you will find many examples of punishment being meted out when the king remains too long in the center.}\\r\\n15.Ne4 Qf5 16.Bxd3 Qh5 17.Nf6+\\r\\n{With Black&#8217;s king stuck in the center White sacrifices the knight to open up the e-file.}\\r\\ngxf6 18.exf6 Rg8 19.Rad1\\r\\n{This leads to one of the most beautiful combination ever played. However, 19. Be4 was also very strong.}\\r\\nQxf3\\r\\n{It would appear that White overlooked that his g-pawn is pinned. However, this is not the case.}\\r\\n20.Rxe7+ Nxe7 21.Qxd7+\\r\\n{Very beautiful! First White sacked the rook and now the queen. The idea is to bring the Black king into a double check on the d-file.}\\r\\nKxd7\\r\\n{21&#8230;Kf8 22.Bxe7+ Mate.}\\r\\n22.Bf5+ Ke8\\r\\n{22&#8230;Kc6 allows mate in one.}\\r\\n23.Bd7+ Kf8 24.Bxe7#\\r\\n{Indeed a very pretty way to end the game. After playing through this game you can easily see why it&#8217;s a classic that has earned the nickname &#8222;The Evergreen Game&#8220;.}\\r\\n1-0\",\"pieceSymbols\":\"localized\",\"navigationBoard\":\"frame\",\"withPlayButton\":true,\"withFlipButton\":true,\"withDownloadButton\":true,\"nboSquareSize\":32,\"nboCoordinateVisible\":true,\"nboTurnVisible\":true,\"nboColorset\":\"original\",\"nboPieceset\":\"cburnett\",\"nboAnimated\":true,\"nboMoveArrowVisible\":true,\"nboMoveArrowColor\":\"b\",\"idoSquareSize\":32,\"idoCoordinateVisible\":true,\"idoTurnVisible\":true,\"idoColorset\":\"original\",\"idoPieceset\":\"cburnett\"});\n            }\n            if (document.readyState === 'loading') {\n                document.addEventListener('DOMContentLoaded', renderThisPGN);\n            }\n            else {\n                renderThisPGN();\n            }\n        })();\n    <\/script>\n<\/div>\n\n<p class=\"rpbchessboard-spacerAfter\"><\/p>\n\n","protected":false},"excerpt":{"rendered":"<p>Adolf Andersson war Deutscher Schachmeister. Er wurde am 06.07.1818 in Breslau geboren und verstarb dort am 13.03.1879. Er erlernte das Schachspiel mit 9 Jahren von seinem Vater und baute seine Kenntnisse in den Folgejahren aus. 1851 nahm er anl\u00e4sslich der Weltausstellung in London an einem internationalen Schachturnier teil und gewann es. Damit erregte er gro\u00dfes &hellip; <a href=\"http:\/\/schachclub-emmendingen.badischer-schachverband.de\/index.php\/sonstiges\/meisterpartien\/anderssen\/\" class=\"more-link\"><span class=\"screen-reader-text\">Adolf Anderssen<\/span> weiterlesen <span class=\"meta-nav\">&rarr;<\/span><\/a><\/p>\n","protected":false},"author":4,"featured_media":0,"parent":850,"menu_order":1,"comment_status":"closed","ping_status":"closed","template":"","meta":{"footnotes":""},"class_list":["post-668","page","type-page","status-publish","hentry"],"_links":{"self":[{"href":"http:\/\/schachclub-emmendingen.badischer-schachverband.de\/index.php\/wp-json\/wp\/v2\/pages\/668","targetHints":{"allow":["GET"]}}],"collection":[{"href":"http:\/\/schachclub-emmendingen.badischer-schachverband.de\/index.php\/wp-json\/wp\/v2\/pages"}],"about":[{"href":"http:\/\/schachclub-emmendingen.badischer-schachverband.de\/index.php\/wp-json\/wp\/v2\/types\/page"}],"author":[{"embeddable":true,"href":"http:\/\/schachclub-emmendingen.badischer-schachverband.de\/index.php\/wp-json\/wp\/v2\/users\/4"}],"replies":[{"embeddable":true,"href":"http:\/\/schachclub-emmendingen.badischer-schachverband.de\/index.php\/wp-json\/wp\/v2\/comments?post=668"}],"version-history":[{"count":10,"href":"http:\/\/schachclub-emmendingen.badischer-schachverband.de\/index.php\/wp-json\/wp\/v2\/pages\/668\/revisions"}],"predecessor-version":[{"id":2245,"href":"http:\/\/schachclub-emmendingen.badischer-schachverband.de\/index.php\/wp-json\/wp\/v2\/pages\/668\/revisions\/2245"}],"up":[{"embeddable":true,"href":"http:\/\/schachclub-emmendingen.badischer-schachverband.de\/index.php\/wp-json\/wp\/v2\/pages\/850"}],"wp:attachment":[{"href":"http:\/\/schachclub-emmendingen.badischer-schachverband.de\/index.php\/wp-json\/wp\/v2\/media?parent=668"}],"curies":[{"name":"wp","href":"https:\/\/api.w.org\/{rel}","templated":true}]}}