{"id":4556,"date":"2017-08-06T17:04:34","date_gmt":"2017-08-06T17:04:34","guid":{"rendered":"http:\/\/schachclub-emmendingen.badischer-schachverband.de\/?page_id=4556"},"modified":"2019-10-09T13:25:27","modified_gmt":"2019-10-09T13:25:27","slug":"saison-2018","status":"publish","type":"page","link":"http:\/\/schachclub-emmendingen.badischer-schachverband.de\/index.php\/mannschaften\/3-mannschaft\/saison-2018\/","title":{"rendered":"Saison 2018"},"content":{"rendered":"<h5>Bereichsliga &#8211; 06.05.2018 Runde 9<\/h5>\n<h3>SCE 3 siegt in Endingen<\/h3>\n<h6>Endingen &#8211; Emmendingen 3 (Ausw\u00e4rtsspiel) 2,5:4,5<\/h6>\n<p>Emmendingen 3 hatte in der Vorrunde bereits den Aufstiegsplatz in die Landesliga abgesichert. Zum Derbyspiel gegen Endingen trat eine stark geschw\u00e4chte Mannschaft mit 7 Spielern an. Auch Endingen hatte Probleme und stellte nur 5 Spieler. Die Motivation hielt sich in Grenzen. So kamen fr\u00fche Remis zustande. Wegen der kampflosen Brettpunkte kam es zum Endergebnis 4,5:2,5 f\u00fcr Emmendingen.<\/p>\n<hr \/>\n<h5>Bereichsliga &#8211; 22.04.2018 Runde 8<\/h5>\n<h3>Aufstieg in Landesliga geschafft<\/h3>\n<h6>Emmendingen 3 &#8211; Zell (Heimspiel) 4:4<\/h6>\n<p>Die Dritte spielte als Tabellenf\u00fchrer gegen den Vorletzten Zell.<br \/>\nF\u00fcr beide Mannschaften stand einiges auf dem Spiel. Emmendingen wollte keinesfalls durch Punktverlust den angepeilten Aufstieg in Frage stellen, Zell nicht weiter in den Abstiegsstrudel geraten. Alle Spieler agierten mit \u00e4u\u00dferster Vorsicht. So endete der Kampf 4:4 unentschieden.<\/p>\n<p>F\u00fcr Emmendingen reichte dieses Remis vorzeitig zur Meisterschaft in der Bereichsliga S\u00fcd 2 und zum Aufstieg in die Landesliga S\u00fcd.<\/p>\n<p>In der letzten Runde der Saison muss SCE 3 am 06.05. zum Derbykampf nach Endingen.<\/p>\n<hr \/>\n<h5>Bereichsliga &#8211; 11.03.2018 Runde 7<\/h5>\n<h3>SCE 3 siegt in Ohlsbach<\/h3>\n<h6>Ohlsbach &#8211; Emmendingen 3 (Ausw\u00e4rtsspiel) 3:5<\/h6>\n<p>Erstmalig musste eine Emmendinger Mannschaft nach Ohlsbach, die ebenso wie Emmendingen in die Bereichsliga S\u00fcd 2 neu aufgestiegen waren und sich aktuell auf Rang 6 befanden. Da Emmendingen noch Ambitionen zum Aufstieg in die Landesliga hat, wollte man den Kampf auch gewinnen. Dieses Ziel konnte am Ende erreicht werden. Emmendingen konnte 2 Mannschaftspunkte und 5 Brettpunkte mit nach Hause nehmen und den ersten Tabellenrang weiterhin absichern.<\/p>\n<p>Die Punkte holten Michael Gihr am Spitzenbrett und Oliver Bacher an Brett 6. Die \u00fcbrigen Emmendinger holten alle ein Remis: Andreas H\u00fcgle (2), Toni Gens (3), Tomas Penya (4), Daniel Reifsteck (5), Markus Roos (7) und Torsten Frank (8).<br \/>\nKein Emmendinger hatte eine Verlustpartie.<\/p>\n<p>Nominal waren die Mannschaften sehr ausgeglichen mit leichtem Vorteil f\u00fcr Emmendingen. Der Mannschaftssieg mit 5:3 bringt die Dritte n\u00e4her an den Aufstieg.<\/p>\n<p>Der n\u00e4chste Kampf findet am 22.04. daheim gegen den Tabellenvorletzten Zell statt.<\/p>\n<hr \/>\n<h5>Bereichsliga &#8211; 18.02.2018 Runde 6<\/h5>\n<h3>Hoher Heimsieg gegen geschw\u00e4chte Hofstetter<\/h3>\n<h6>Emmendingen 3 &#8211; Hofstetten (Heimspiel) 7:1<\/h6>\n<p>Deutlich \u00fcberlegen siegte die Dritte am Sonntag gegen Freibauer Hofstetten. Die Siege holten Thomas M\u00e4dler (8), Michael Gihr (4), Boris Litfin (3), Andreas H\u00fcgle (6), Toni Gens (7), Wolfgang Schmidt (5) und Hermann Schrems (1).<br \/>\nMit diesem eindeutigen 7:1 Mannschaftssieg festigt Emmendingen 3 die Tabellenf\u00fchrung und kann sich bei dem zu absolvierenden Restprogramm Hoffnungen auf den Aufstieg in die Landesliga machen.<\/p>\n<p>In der n\u00e4chsten Runde am 11.03. tritt SCE 3 im Ausw\u00e4rtsspiel auf Neuling Ohlsbach, die sich momentan auf Rang 7 befinden.<\/p>\n<p><a href=\"\/index.php\/2018\/02\/20\/emmendingen-3-hofstetten\/\">Spielbericht<\/a><\/p>\n<hr \/>\n<h5>Bereichsliga &#8211; 28.01.2018 Runde 5<\/h5>\n<h3>Remis in Haslach<\/h3>\n<h6>Haslach &#8211; Emmendingen 3 (Ausw\u00e4rtsspiel) 4:4<\/h6>\n<p>Durch den Aufstieg in die Bereichsliga S\u00fcd 2 musste nun Emmendingen erstmalig zum SC Haslach, der momentan auf Rang 9 steht. Dies ist insofern kaum zu verstehen, da die Mannschaft nominal durchaus Potenzial f\u00fcr h\u00f6here Rangpl\u00e4tze hat.<br \/>\nDie Einsch\u00e4tzung war demnach schwierig.<\/p>\n<p>Nach ausgeglichenem Kampf hatten die Punkte Ruben Gihr (4) und Markus Roos (5) geholt; je ein Remis konnten Michael Gihr (1), Toni Gens (3), Karl Ziegler (7) und Andreas Heidenreich (8) beitragen.<\/p>\n<p>Damit war der Kampf unentschieden ausgegangen. Trotzdem konnte Emmendingen die Tabellenf\u00fchrung verteidigen, da auch der Zweitplatzierte Ettenheim gegen Hofstetten nicht \u00fcber ein Remis hinauskam. Auf den zweiten Rangplatz ist jetzt Hornberg mit 8 MP ger\u00fcckt.<\/p>\n<p>Der n\u00e4chste Kampf findet am 18.02. daheim gegen den SC Freibauer Hofstetten statt, gegen den die Ettenheimer am letzten Sonntag remisierten.<\/p>\n<p><a href=\"\/index.php\/2018\/01\/29\/haslach-emmendingen-3\/\">Spielbericht<\/a><\/p>\n<hr \/>\n<h5>Bereichsliga &#8211; 14.01.2018 Runde 4<\/h5>\n<h3>SCE sichert die Tabellenspitze<\/h3>\n<h6>Emmendingen 3 &#8211; Ettenheim (Heimspiel) 4\u00bd:3\u00bd<\/h6>\n<p>Der Dritten gelangen gegen den Verfolger Ettenheim nur 2 Siege von Boris Litfin (2) und Daniel Reifsteck (8). Die \u00fcbrigen Spieler wie Iouri Sorokovski (1), Wolfgang Schmidt (4), Andreas H\u00fcgle (5) und Toni Gens (6) einigten sich fr\u00fch auf ein Remis. Auch Tomas Penya (7) brachte ein erk\u00e4mpftes Remis ein.<br \/>\nLeider kam Michael Gihr (3) schlecht aus der Er\u00f6ffnung und musste passen. Mit 4\u00bd:3\u00bd konnte der Gesamtsieg der Mannschaft knapp gesichert werden.<\/p>\n<p>N\u00e4chster Gegner ist am 18.02. in einem Heimspiel der SC Freibauer Hofstetten, der am Sonntag gegen die Ettenheimer remisierte.<\/p>\n<p>Die Dritte bleibt also in der Bereichsliga S\u00fcd 2 als einzige Mannschaft ungeschlagen und setzt sich mit 24 Brettpunkten auf Rangplatz 1 fest vor Ettenheim mit 2 Verlustpunkten und 19,5 BP.<br \/>\nIn der n\u00e4chsten Runde steht am 28.01. ein Ausw\u00e4rtsspiel gegen Haslach an.<\/p>\n<p><a href=\"\/index.php\/2018\/01\/15\/emmendingen-3-ettenheim\/\">Spielbericht<\/a><\/p>\n<hr \/>\n<p>Bereichsliga &#8211; 03.12.2017 Runde 3<\/p>\n<h3>SCE siegt deutlich gegen Waldkirch<\/h3>\n<h6>Waldkirch &#8211; Emmendingen 3 (Ausw\u00e4rtsspiel) 2:6<\/h6>\n<p>Normal war die Begegnung mit Waldkirch als Ausw\u00e4rtsspiel angesetzt, doch hatten die Waldkircher an diesem Tag keine geeignete R\u00e4umlichkeit, so dass wir zu einem Heimspiel mit Ausw\u00e4rtsspielrecht kamen.<\/p>\n<p>Nach schnellen Remis von Karl Ziegler (7), Tomas Penya (4) und Andreas Heidenreich (8) holte Michael Gihr am Spitzenbrett ungef\u00e4hrdet den ersten Siegpunkt. Die weiteren Siegpunkte holten Wolfgang Schmidt (2), Markus Roos (6) und Andreas H\u00fcgle (3). Daniel Reifsteck (5) konnte am Schluss noch ein Remis beitragen.<br \/>\nEmmendingen hatte mit 6:2 einen deutlichen Sieg errungen.<\/p>\n<p><a href=\"\/index.php\/2017\/12\/04\/waldkirch-emmendingen-3\/\">Spielbericht<\/a><\/p>\n<hr \/>\n<h5>Bereichsliga &#8211; 05.11.2017 Runde 2<\/h5>\n<h3>Kantersieg gegen Lahr 2<\/h3>\n<h6>Emmendingen 3 &#8211; Lahr 2 (Heimspiel) 7,5:0,5<\/h6>\n<p>Die zweite Mannschaft aus Lahr r\u00fcckte mit nur 5 Spielern an. Damit gingen bereits 3 Brettpunkte kampflos an Emmendingen. Die \u00fcbrigen Patien wurden von Michael Gihr am Spitzenbrett, Wolfgang Schmidt (2), Andreas H\u00fcgle (3) und Tomas Penya (5) ungef\u00e4hrdet f\u00fcr Emmendingen entscheiden. Toni Gens (4) gab sich mit einem Remis zufrieden.<\/p>\n<p>In der n\u00e4chsten Runde spielt SCE 3 gegen den SC Waldkirch. Emmendingen stellt hierf\u00fcr vereinbarungsgem\u00e4\u00df seine Spielr\u00e4ume in der Seniorenwohnanlage in Teningen, Rheinstr. 2a, am 03.12.2017 zur Verf\u00fcgung. F\u00fcr SCE 3 wirkt das quasi wie ein Heimspiel.<\/p>\n\n\n<p class=\"rpbchessboard-spacerBefore\"><\/p>\n\n<div class=\"rpbchessboard-chessgame\">\n    <noscript>\n        <div class=\"rpbchessboard-javascriptWarning\">\n            Sie m\u00fcssen JavaScript aktivieren, um die Notation zu verbessern.        <\/div>\n    <\/noscript>\n    <div id=\"rpbchessboard-69e516cf880a6-1\"><\/div>\n    <script type=\"text\/javascript\">\n        (function() {\n            function renderThisPGN() {\n                RPBChessboard.renderPGN(\"rpbchessboard-69e516cf880a6-1\", {\"pgn\":\"[Event \\\"VR17\\\/18 Em3 - Lahr2\\\"]\\r\\n[Site \\\"?\\\"]\\r\\n[Date \\\"2017.11.05\\\"]\\r\\n[Round \\\"2.3\\\"]\\r\\n[White \\\"Warthmann, Stefan\\\"]\\r\\n[Black \\\"H\\u00fcgle, Andreas\\\"]\\r\\n[Result \\\"0-1\\\"]\\r\\n[ECO \\\"C50\\\"]\\r\\n[WhiteElo \\\"1624\\\"]\\r\\n[BlackElo \\\"1862\\\"]\\r\\n[PlyCount \\\"82\\\"]\\r\\n[EventDate \\\"5.11.2017\\\"]\\r\\n\\r\\n1. e4 e5 2. Nf3 Nc6 3. Bc4 Nf6 4. d3 Bc5 5. O-O d6 6. Bg5 h6 7. Be3 Bb6 8. c3\\r\\nO-O 9. Nbd2 Bg4 10. Qc2 Na5 11. Bb3 Nxb3 12. axb3 Qe7 13. Bxb6 axb6 14. Ra3\\r\\nRxa3 15. bxa3 Nh5 16. Re1 Nf4 17. Re3 Bxf3 18. Nxf3 Re8 19. c4 Ra8 20. a4 c5\\r\\n21. Nd2 Qg5 22. g3 Ne6 23. Qd1 Nd4 24. Kg2 f5 25. h4 Qg6 26. Re1 f4 27. h5 Qg5\\r\\n28. g4 f3+ 29. Kh3 Rf8 30. Nf1 Rf4 31. Nh2 Ne2 32. Rxe2 fxe2 33. Qxe2 g6 34.\\r\\nhxg6 h5 35. f3 hxg4+ 36. Nxg4 Qxg6 37. Kg3 Rf7 38. Kg2 Rg7 39. Kh3 Qg5 40. Kg3\\r\\nQf4+ 41. Kh4 Rh7# 0-1\",\"pieceSymbols\":\"localized\",\"navigationBoard\":\"floatLeft\",\"withPlayButton\":true,\"withFlipButton\":true,\"withDownloadButton\":true,\"nboSquareSize\":32,\"nboCoordinateVisible\":true,\"nboTurnVisible\":true,\"nboColorset\":\"original\",\"nboPieceset\":\"cburnett\",\"nboAnimated\":true,\"nboMoveArrowVisible\":true,\"nboMoveArrowColor\":\"b\",\"idoSquareSize\":32,\"idoCoordinateVisible\":true,\"idoTurnVisible\":true,\"idoColorset\":\"original\",\"idoPieceset\":\"cburnett\"});\n            }\n            if (document.readyState === 'loading') {\n                document.addEventListener('DOMContentLoaded', renderThisPGN);\n            }\n            else {\n                renderThisPGN();\n            }\n        })();\n    <\/script>\n<\/div>\n\n<p class=\"rpbchessboard-spacerAfter\"><\/p>\n\n<hr \/>\n<h5>Bereichsliga &#8211; 08.10.2017 Runde 1<\/h5>\n<h3>Erster Ausw\u00e4rtssieg in Hornberg<\/h3>\n<h6>Hornberg &#8211; Emmendingen 3 (Ausw\u00e4rtsspiel) 2:6<\/h6>\n<p>Zu Saisonbeginn in der Bereichsliga trat die dritte Mannschaft des SC Emmendingen zum allerersten Mal in Hornberg an.<br \/>\nDa in dieser Runde in den oberen Mannschaften keine Sperrfristen zu ber\u00fccksichtigen waren, konnte SCE 3 verst\u00e4rkt werden und galt im Vorhinein als nominal favorisiert.<\/p>\n<p>Die Siegpunkte holten Ruben Gihr (7), Andreas H\u00fcgle (4), Daniel Reifsteck (6), Iouri Sorokowski (1) und Michael Gihr (2); Wolfgang Schmidt (3) und Tomas Penya (5) trugen je ein Remis zum Mannschaftsergebnis bei, so dass insgesamt 5 Siege bei 2 Remis heraussprangen. Mit diesem deutlichen Erfolg kann die Dritte optimistisch in die Zukunft blicken.<br \/>\nDie Mannschaft hat in der ersten Runde die Tabellenf\u00fchrung \u00fcbernommen.<\/p>\n<p>In der n\u00e4chsten Runde empf\u00e4ngt SCE 3 die zweite Mannschaft aus Lahr.<\/p>\n","protected":false},"excerpt":{"rendered":"<p>Bereichsliga &#8211; 06.05.2018 Runde 9 SCE 3 siegt in Endingen Endingen &#8211; Emmendingen 3 (Ausw\u00e4rtsspiel) 2,5:4,5 Emmendingen 3 hatte in der Vorrunde bereits den Aufstiegsplatz in die Landesliga abgesichert. Zum Derbyspiel gegen Endingen trat eine stark geschw\u00e4chte Mannschaft mit 7 Spielern an. Auch Endingen hatte Probleme und stellte nur 5 Spieler. Die Motivation hielt sich &hellip; <a href=\"http:\/\/schachclub-emmendingen.badischer-schachverband.de\/index.php\/mannschaften\/3-mannschaft\/saison-2018\/\" class=\"more-link\"><span class=\"screen-reader-text\">Saison 2018<\/span> weiterlesen <span class=\"meta-nav\">&rarr;<\/span><\/a><\/p>\n","protected":false},"author":4,"featured_media":0,"parent":141,"menu_order":2,"comment_status":"closed","ping_status":"closed","template":"","meta":{"footnotes":""},"class_list":["post-4556","page","type-page","status-publish","hentry"],"_links":{"self":[{"href":"http:\/\/schachclub-emmendingen.badischer-schachverband.de\/index.php\/wp-json\/wp\/v2\/pages\/4556","targetHints":{"allow":["GET"]}}],"collection":[{"href":"http:\/\/schachclub-emmendingen.badischer-schachverband.de\/index.php\/wp-json\/wp\/v2\/pages"}],"about":[{"href":"http:\/\/schachclub-emmendingen.badischer-schachverband.de\/index.php\/wp-json\/wp\/v2\/types\/page"}],"author":[{"embeddable":true,"href":"http:\/\/schachclub-emmendingen.badischer-schachverband.de\/index.php\/wp-json\/wp\/v2\/users\/4"}],"replies":[{"embeddable":true,"href":"http:\/\/schachclub-emmendingen.badischer-schachverband.de\/index.php\/wp-json\/wp\/v2\/comments?post=4556"}],"version-history":[{"count":10,"href":"http:\/\/schachclub-emmendingen.badischer-schachverband.de\/index.php\/wp-json\/wp\/v2\/pages\/4556\/revisions"}],"predecessor-version":[{"id":5504,"href":"http:\/\/schachclub-emmendingen.badischer-schachverband.de\/index.php\/wp-json\/wp\/v2\/pages\/4556\/revisions\/5504"}],"up":[{"embeddable":true,"href":"http:\/\/schachclub-emmendingen.badischer-schachverband.de\/index.php\/wp-json\/wp\/v2\/pages\/141"}],"wp:attachment":[{"href":"http:\/\/schachclub-emmendingen.badischer-schachverband.de\/index.php\/wp-json\/wp\/v2\/media?parent=4556"}],"curies":[{"name":"wp","href":"https:\/\/api.w.org\/{rel}","templated":true}]}}