{"id":126,"date":"2015-10-17T18:49:51","date_gmt":"2015-10-17T18:49:51","guid":{"rendered":"http:\/\/localhost\/wordpress\/?page_id=126"},"modified":"2025-04-16T12:00:19","modified_gmt":"2025-04-16T12:00:19","slug":"1-mannschaft","status":"publish","type":"page","link":"http:\/\/schachclub-emmendingen.badischer-schachverband.de\/index.php\/mannschaften\/1-mannschaft\/","title":{"rendered":"1. Mannschaft"},"content":{"rendered":"<p>Die 1. Mannschaft spielte seit der Saison 2014\/15 in der Oberliga Baden, der h\u00f6chsten Spielklasse im Landesverband. Dar\u00fcber gibt es nur noch die 1. und die 2. Bundesliga in Deutschland.<\/p>\n<p>In der darauf folgenden Saison 2015\/16 wurde die 1. Mannschaft <em><strong>Badischer Mannschaftsmeister<\/strong><\/em> und schaffte den <em><strong>Aufstieg in die 2. Bundesliga<\/strong><\/em>.<br \/>\nHier konnte sie sich in der Saison 2016\/17 etablieren und errang in der folgenden Saison 2017\/18 die <em><strong>Vizemeisterschaft<\/strong><\/em>, punktgleich mit dem haushohen Favoriten und Meister SC Viernheim, der in der letzten Runde im Titelkampf gegen noch f\u00fchrende Emmendinger mit 8 Gro\u00dfmeistern siegte und aufgrund der etwas h\u00f6heren Anzahl von Brettpunkten den Aufstieg in die Erstliga schaffte.<br \/>\nIn der Saison 2018\/19 wie auch in der Corona-Saison 2019\/21 erreichte SCE 1 wiederum die <em><strong>Vizemeisterschaft in der 2. Bundesliga S\u00fcd<\/strong><\/em>.<\/p>\n<p>F\u00fcr die Saison 2021\/22 zog der SC Emmendingen seine erste Mannschaft nach der Corona-Pause aus der 2. Bundesliga zur\u00fcck und spielte wieder in der <em><strong>Oberliga Baden<\/strong><\/em> und musste absteigen.<br \/>\nIn der Saison 2022\/23 errang sie in der <em><strong>Verbandsliga S\u00fcd<\/strong><\/em> den ersten Tabellenrang und schaffte den sofortigen Wiederaufstieg.<\/p>\n<figure id=\"attachment_8469\" aria-describedby=\"caption-attachment-8469\" style=\"width: 334px\" class=\"wp-caption alignnone\"><a href=\"http:\/\/schachclub-emmendingen.badischer-schachverband.de\/wp-content\/uploads\/2023\/09\/Mannsch2024.jpg\"><img loading=\"lazy\" decoding=\"async\" class=\" wp-image-8469\" src=\"http:\/\/schachclub-emmendingen.badischer-schachverband.de\/wp-content\/uploads\/2023\/09\/Mannsch2024-300x253.jpg\" alt=\"\" width=\"334\" height=\"281\" srcset=\"http:\/\/schachclub-emmendingen.badischer-schachverband.de\/wp-content\/uploads\/2023\/09\/Mannsch2024-300x253.jpg 300w, http:\/\/schachclub-emmendingen.badischer-schachverband.de\/wp-content\/uploads\/2023\/09\/Mannsch2024-1024x865.jpg 1024w, http:\/\/schachclub-emmendingen.badischer-schachverband.de\/wp-content\/uploads\/2023\/09\/Mannsch2024-768x649.jpg 768w, http:\/\/schachclub-emmendingen.badischer-schachverband.de\/wp-content\/uploads\/2023\/09\/Mannsch2024-1536x1297.jpg 1536w, http:\/\/schachclub-emmendingen.badischer-schachverband.de\/wp-content\/uploads\/2023\/09\/Mannsch2024.jpg 1775w\" sizes=\"auto, (max-width: 334px) 100vw, 334px\" \/><\/a><figcaption id=\"caption-attachment-8469\" class=\"wp-caption-text\">Die 1. Mannschaft der Saison 2023\/24:<br \/>v.l. hintere Reihe Hermann Schrems, Andrei Sokolov, Thomas Ehret, Andreas Bauer, Normunds Miezis,<br \/>vordere Reihe Gerhard Kiefer, Hans-Joachim Vatter, Christof Herbrechtsmeier (Mannschaftsf\u00fchrer) und J\u00f6rg Weidemann (Bild: Franz Sifnatsch)<\/figcaption><\/figure>\n<p>Die ersten Acht sind im Einzelnen (ELO-Stand 31.07.2024):<\/p>\n<table>\n<colgroup>\n<col width=\"60%\" \/>\n<col width=\"30%\" \/>\n<col width=\"10%\" \/> <\/colgroup>\n<tbody>\n<tr>\n<td>Andreas Bauer<\/td>\n<td>ELO 2326<\/td>\n<td>GER<\/td>\n<\/tr>\n<tr>\n<td>IM Christian Maier<\/td>\n<td>ELO 2245<\/td>\n<td>GER<\/td>\n<\/tr>\n<tr>\n<td>FM Gerhard Kiefer<\/td>\n<td>ELO 2236<\/td>\n<td>GER<\/td>\n<\/tr>\n<tr>\n<td>FM J\u00f6rg Weidemann<\/td>\n<td>ELO 2234<\/td>\n<td>GER<\/td>\n<\/tr>\n<tr>\n<td>FM Hans-Joachim Vatter<\/td>\n<td>ELO 2212<\/td>\n<td>GER<\/td>\n<\/tr>\n<tr>\n<td>FM Christof Herbrechtsmeier<\/td>\n<td>ELO 2114<\/td>\n<td>GER<\/td>\n<\/tr>\n<tr>\n<td>Hermann Schrems<\/td>\n<td>ELO 2118<\/td>\n<td>GER<\/td>\n<\/tr>\n<tr>\n<td>Matthias Deutschmann<\/td>\n<td>ELO 2064<\/td>\n<td>GER<\/td>\n<\/tr>\n<\/tbody>\n<\/table>\n<p>Die weiteren zw\u00f6lf Spieler sind:<\/p>\n<table>\n<colgroup>\n<col width=\"60%\" \/>\n<col width=\"30%\" \/>\n<col width=\"10%\" \/> <\/colgroup>\n<tbody>\n<tr>\n<td>Iouri Sorokovski<\/td>\n<td>DWZ 2016<\/td>\n<td>GER<\/td>\n<\/tr>\n<tr>\n<td>Premtim Haxhiaj<\/td>\n<td>DWZ 1843<\/td>\n<td>GER<\/td>\n<\/tr>\n<tr>\n<td>Daniel Reifsteck<\/td>\n<td>DWZ 1791<\/td>\n<td>GER<\/td>\n<\/tr>\n<tr>\n<td>Danylo Synytskyi<\/td>\n<td>DWZ 1650<\/td>\n<td>GER<\/td>\n<\/tr>\n<tr>\n<td>Kosai Alsamman<\/td>\n<td>DWZ 1650<\/td>\n<td>GER<\/td>\n<\/tr>\n<tr>\n<td>Andreas Heidenreich<\/td>\n<td>DWZ 1616<\/td>\n<td>GER<\/td>\n<\/tr>\n<tr>\n<td>Frank Lewien<\/td>\n<td>DWZ 1585<\/td>\n<td>GER<\/td>\n<\/tr>\n<tr>\n<td>Daniel Ziganenko<\/td>\n<td>DWZ 1528<\/td>\n<td>GER<\/td>\n<\/tr>\n<tr>\n<td>Sebastian Sch\u00e4chtele<\/td>\n<td>DWZ 1529<\/td>\n<td>GER<\/td>\n<\/tr>\n<tr>\n<td>Beatrice Ogrinz<\/td>\n<td>DWZ 1098<\/td>\n<td>GER<\/td>\n<\/tr>\n<tr>\n<td>Darjoush Sayeedi<\/td>\n<td>DWZ 1023<\/td>\n<td>GER<\/td>\n<\/tr>\n<tr>\n<td>Per Te\u00dfmer<\/td>\n<td>DWZ 1034<\/td>\n<td>GER<\/td>\n<\/tr>\n<\/tbody>\n<\/table>\n<p>Mannschaftsf\u00fchrer ist FM Christof Herbrechtsmeier.<\/p>\n<p>Einzelheiten \u00fcber die Entwicklung der Mannschaft zeigt zusammenfassend die untenstehende Tabelle.<br \/>\nBeim Anklicken der Jahreszahl erh\u00e4lt man die Einzelberichte f\u00fcr die jeweilige Saison bis 2020.<br \/>\nDas Anklicken der Rangpl\u00e4tze \u00f6ffnet eine Auflistung aller Ergebnisse der jeweiligen Spielklasse im BSV-Ergebnisdienst bzw. im Bundesliga-Ergebnisdienst.<\/p>\n<table class=\"tabelle\">\n<tbody>\n<tr>\n<td>Jahr<\/td>\n<td>\u00a0Liga<\/td>\n<td>+<\/td>\n<td>\u00bd<\/td>\n<td>&#8211;<\/td>\n<td>BP<\/td>\n<td>MP<\/td>\n<td>Rang<\/td>\n<\/tr>\n<tr>\n<td>2026<\/td>\n<td><\/td>\n<td><\/td>\n<td><\/td>\n<td><\/td>\n<td><\/td>\n<td><\/td>\n<td><\/td>\n<\/tr>\n<tr>\n<td>2025<\/td>\n<td>Oberliga<\/td>\n<td>1<\/td>\n<td>4<\/td>\n<td>4<\/td>\n<td>32,5:39,5<\/td>\n<td>6-12<\/td>\n<td>9von10<\/td>\n<\/tr>\n<tr>\n<td>2024<\/td>\n<td>Oberliga<\/td>\n<td>1<\/td>\n<td>0<\/td>\n<td>8<\/td>\n<td>27,5:44,5<\/td>\n<td>2-16<\/td>\n<td><a href=\"https:\/\/bsv-ergebnisdienst.de\/?p1=0:pa:OL-23-9\">9 von 10<\/a><\/td>\n<\/tr>\n<tr>\n<td class=\"aufstieg\">2023<\/td>\n<td>Verbandsliga<\/td>\n<td>7<\/td>\n<td>1<\/td>\n<td>1<\/td>\n<td>52,5:19,5<\/td>\n<td>15-3<\/td>\n<td><a href=\"https:\/\/bsv-ergebnisdienst.de\/?p1=0:pa:VLS-22-9\">1 von 10<\/a><\/td>\n<\/tr>\n<tr>\n<td class=\"abstieg\">2022<\/td>\n<td>Oberliga<\/td>\n<td>3<\/td>\n<td>1<\/td>\n<td>6<\/td>\n<td>35:38<\/td>\n<td>7-13<\/td>\n<td><a href=\"https:\/\/bsv-ergebnisdienst.de\/?p1=0:pa:OL-21-11\">10 von 11<\/a><\/td>\n<\/tr>\n<tr>\n<td class=\"abstieg\"><a href=\"\/index.php\/mannschaften\/1-mannschaft\/saison-2020\/\">2020<\/a><\/td>\n<td>2. Bundesliga<\/td>\n<td>7<\/td>\n<td>1<\/td>\n<td>1<\/td>\n<td>51:20<\/td>\n<td>15-3<\/td>\n<td><a href=\"https:\/\/www.schachbund.de\/SchachBL\/bedh.php?liga=2bls\">2 von 10<\/a><\/td>\n<\/tr>\n<tr>\n<td><a href=\"\/index.php\/mannschaften\/1-mannschaft\/saison-2019\/\">2019<\/a><\/td>\n<td>2. Bundesliga<\/td>\n<td>7<\/td>\n<td>1<\/td>\n<td>1<\/td>\n<td>46,5:25,5<\/td>\n<td>15-3<\/td>\n<td><a href=\"https:\/\/www.schachbund.de\/SchachBL\/saison2018-19\/bedh.php?liga=2bls\">2 von 10<\/a><\/td>\n<\/tr>\n<tr>\n<td><a href=\"\/index.php\/mannschaften\/1-mannschaft\/saison-2018\/\">2018<\/a><\/td>\n<td>2. Bundesliga<\/td>\n<td>8<\/td>\n<td>0<\/td>\n<td>1<\/td>\n<td>51:21<\/td>\n<td>16-2<\/td>\n<td><a href=\"https:\/\/www.schachbund.de\/SchachBL\/saison2017-18\/bedh.php?liga=2bls\">2 von 10<\/a><\/td>\n<\/tr>\n<tr>\n<td><a href=\"http:\/\/schachclub-emmendingen.badischer-schachverband.de\/index.php\/mannschaften\/1-mannschaft\/saison-2017\/\">2017<\/a><\/td>\n<td>2. Bundesliga<\/td>\n<td>6<\/td>\n<td>0<\/td>\n<td>3<\/td>\n<td>42:30<\/td>\n<td>12-6<\/td>\n<td><a href=\"https:\/\/www.schachbund.de\/SchachBL\/saison2016-17\/bedh.php?liga=2bls\">3 von 10<\/a><\/td>\n<\/tr>\n<tr>\n<td class=\"aufstieg\"><a href=\"\/index.php\/mannschaften\/1-mannschaft\/saison-2016\/\">2016<\/a><\/td>\n<td>Oberliga<\/td>\n<td>8<\/td>\n<td>0<\/td>\n<td>1<\/td>\n<td>49,5:22,5<\/td>\n<td>16-2<\/td>\n<td><a href=\"http:\/\/bsv-ergebnisdienst.de\/?p1=0:pa:OL-15\" target=\"_blank\" rel=\"noopener noreferrer\">1 von 10<\/a><\/td>\n<\/tr>\n<tr>\n<td><a href=\"\/index.php\/mannschaften\/1-mannschaft\/saison-2015\/\">2015<\/a><\/td>\n<td>Oberliga<\/td>\n<td>4<\/td>\n<td>0<\/td>\n<td>5<\/td>\n<td>36,5:35,5<\/td>\n<td>8-10<\/td>\n<td><a href=\"http:\/\/bsv-ergebnisdienst.de\/?p1=0:pa:OL-14\" target=\"_blank\" rel=\"noopener noreferrer\">7 von 10<\/a><\/td>\n<\/tr>\n<tr>\n<td class=\"aufstieg\"><a href=\"\/index.php\/mannschaften\/1-mannschaft\/saison-2014\/\">2014<\/a><\/td>\n<td>Verbandsliga<\/td>\n<td>7<\/td>\n<td>0<\/td>\n<td>2<\/td>\n<td>47:25<\/td>\n<td>14-4<\/td>\n<td><a href=\"http:\/\/bsv-ergebnisdienst.de\/?p1=0:pa:VLS-13\" target=\"_blank\" rel=\"noopener noreferrer\">2 von 10<\/a><\/td>\n<\/tr>\n<tr>\n<td><a href=\"\/index.php\/mannschaften\/1-mannschaft\/saison-2013\/\">2013<\/a><\/td>\n<td>Verbandsliga<\/td>\n<td>7<\/td>\n<td>0<\/td>\n<td>2<\/td>\n<td>42:30<\/td>\n<td>14-4<\/td>\n<td><a href=\"http:\/\/www.bsv-ergebnisdienst.de\/?p1=0:pa:VLS-12\" target=\"_blank\" rel=\"noopener noreferrer\">2 von 10<\/a><\/td>\n<\/tr>\n<tr>\n<td class=\"aufstieg\"><a href=\"\/index.php\/mannschaften\/1-mannschaft\/saison-2012\/\">2012<\/a><\/td>\n<td>Landesliga<\/td>\n<td>7<\/td>\n<td>0<\/td>\n<td>2<\/td>\n<td>51:21<\/td>\n<td>21<\/td>\n<td><a href=\"http:\/\/bsv-ergebnisdienst.de\/?p1=0:pa:LL5-11\" target=\"_blank\" rel=\"noopener noreferrer\">1 von 10<\/a><\/td>\n<\/tr>\n<tr>\n<td><a href=\"\/index.php\/mannschaften\/1-mannschaft\/saison-2011\/\">2011<\/a><\/td>\n<td>Landesliga<\/td>\n<td>7<\/td>\n<td>0<\/td>\n<td>2<\/td>\n<td>43,5:28,5<\/td>\n<td>21<\/td>\n<td><a href=\"http:\/\/www.bsv-ergebnisdienst.de\/?p1=0:pa:LL5-10\" target=\"_blank\" rel=\"noopener noreferrer\">3 von 10<\/a><\/td>\n<\/tr>\n<tr>\n<td class=\"aufstieg\"><a href=\"\/index.php\/mannschaften\/1-mannschaft\/saison-2010\/\">2010<\/a><\/td>\n<td>Bereichsliga<\/td>\n<td>7<\/td>\n<td>1<\/td>\n<td>1<\/td>\n<td>45:27<\/td>\n<td>22<\/td>\n<td><a href=\"http:\/\/www.bsv-ergebnisdienst.de\/?p1=0:pa:BL5-09\" target=\"_blank\" rel=\"noopener noreferrer\">1 von 10<\/a><\/td>\n<\/tr>\n<tr>\n<td class=\"aufstieg\"><a href=\"\/index.php\/mannschaften\/1-mannschaft\/saison-2009\/\">2009<\/a><\/td>\n<td>Bezirksklasse<\/td>\n<td>7<\/td>\n<td>1<\/td>\n<td>1<\/td>\n<td>45:27<\/td>\n<td>22<\/td>\n<td><a href=\"http:\/\/bsv-ergebnisdienst.de\/?p1=0:pa:BK8-08\" target=\"_blank\" rel=\"noopener noreferrer\">2 von 10<\/a><\/td>\n<\/tr>\n<\/tbody>\n<\/table>\n","protected":false},"excerpt":{"rendered":"<p>Die 1. Mannschaft spielte seit der Saison 2014\/15 in der Oberliga Baden, der h\u00f6chsten Spielklasse im Landesverband. Dar\u00fcber gibt es nur noch die 1. und die 2. Bundesliga in Deutschland. In der darauf folgenden Saison 2015\/16 wurde die 1. Mannschaft Badischer Mannschaftsmeister und schaffte den Aufstieg in die 2. Bundesliga. Hier konnte sie sich in &hellip; <a href=\"http:\/\/schachclub-emmendingen.badischer-schachverband.de\/index.php\/mannschaften\/1-mannschaft\/\" class=\"more-link\"><span class=\"screen-reader-text\">1. Mannschaft<\/span> weiterlesen <span class=\"meta-nav\">&rarr;<\/span><\/a><\/p>\n","protected":false},"author":4,"featured_media":0,"parent":162,"menu_order":0,"comment_status":"closed","ping_status":"closed","template":"","meta":{"footnotes":""},"class_list":["post-126","page","type-page","status-publish","hentry"],"_links":{"self":[{"href":"http:\/\/schachclub-emmendingen.badischer-schachverband.de\/index.php\/wp-json\/wp\/v2\/pages\/126","targetHints":{"allow":["GET"]}}],"collection":[{"href":"http:\/\/schachclub-emmendingen.badischer-schachverband.de\/index.php\/wp-json\/wp\/v2\/pages"}],"about":[{"href":"http:\/\/schachclub-emmendingen.badischer-schachverband.de\/index.php\/wp-json\/wp\/v2\/types\/page"}],"author":[{"embeddable":true,"href":"http:\/\/schachclub-emmendingen.badischer-schachverband.de\/index.php\/wp-json\/wp\/v2\/users\/4"}],"replies":[{"embeddable":true,"href":"http:\/\/schachclub-emmendingen.badischer-schachverband.de\/index.php\/wp-json\/wp\/v2\/comments?post=126"}],"version-history":[{"count":11,"href":"http:\/\/schachclub-emmendingen.badischer-schachverband.de\/index.php\/wp-json\/wp\/v2\/pages\/126\/revisions"}],"predecessor-version":[{"id":8929,"href":"http:\/\/schachclub-emmendingen.badischer-schachverband.de\/index.php\/wp-json\/wp\/v2\/pages\/126\/revisions\/8929"}],"up":[{"embeddable":true,"href":"http:\/\/schachclub-emmendingen.badischer-schachverband.de\/index.php\/wp-json\/wp\/v2\/pages\/162"}],"wp:attachment":[{"href":"http:\/\/schachclub-emmendingen.badischer-schachverband.de\/index.php\/wp-json\/wp\/v2\/media?parent=126"}],"curies":[{"name":"wp","href":"https:\/\/api.w.org\/{rel}","templated":true}]}}